{"id":10555,"date":"2021-06-21T08:13:29","date_gmt":"2021-06-21T08:13:29","guid":{"rendered":"https:\/\/www.gartenvip.de\/?product=bosch-akku-teleskop-heckenschere-universalhedgepole-18-1-akku-18-volt-system-im-karton"},"modified":"2024-01-03T17:02:56","modified_gmt":"2024-01-03T16:02:56","slug":"bosch-akku-teleskop-heckenschere-universalhedgepole-18-1-akku-18-volt-system-im-karton","status":"publish","type":"product","link":"https:\/\/www.gartenvip.de\/?product=bosch-akku-teleskop-heckenschere-universalhedgepole-18-1-akku-18-volt-system-im-karton","title":{"rendered":"Bosch Home and Garden Akku Teleskop Heckenschere UniversalHedgePole 18 (1 Akku, 2,5 Ah, 18 Volt System, im Karton)"},"content":{"rendered":"\n\t\t<div id='gallery-1' class='gallery galleryid-10555 gallery-columns-3 gallery-size-full'><dl class='gallery-item'>\r\n<dt class='gallery-icon landscape'>\r\n<a rel='gallery-nr'><img loading=\"lazy\" decoding=\"async\" width=\"500\" height=\"500\" src=\"https:\/\/images-na.ssl-images-amazon.com\/images\/I\/416c36o-bRL.jpg\" class=\"attachment-full size-full\" alt=\"\" srcset=\"https:\/\/images-na.ssl-images-amazon.com\/images\/I\/416c36o-bRL.jpg 500w, https:\/\/images-na.ssl-images-amazon.com\/images\/I\/416c36o-bRL._SS150_.jpg 150w, https:\/\/images-na.ssl-images-amazon.com\/images\/I\/416c36o-bRL._SS300_.jpg 300w, https:\/\/images-na.ssl-images-amazon.com\/images\/I\/416c36o-bRL._SS768_.jpg 768w, https:\/\/images-na.ssl-images-amazon.com\/images\/I\/416c36o-bRL._SS1024_.jpg 1024w, https:\/\/images-na.ssl-images-amazon.com\/images\/I\/416c36o-bRL._SS1536_.jpg 1536w, https:\/\/images-na.ssl-images-amazon.com\/images\/I\/416c36o-bRL._SS2048_.jpg 2048w, https:\/\/images-na.ssl-images-amazon.com\/images\/I\/416c36o-bRL._SS145_.jpg 145w, https:\/\/images-na.ssl-images-amazon.com\/images\/I\/416c36o-bRL._SS1200_.jpg 1200w, https:\/\/images-na.ssl-images-amazon.com\/images\/I\/416c36o-bRL._SS50_.jpg 50w, https:\/\/images-na.ssl-images-amazon.com\/images\/I\/416c36o-bRL._SS604_.jpg 604w, https:\/\/images-na.ssl-images-amazon.com\/images\/I\/416c36o-bRL._SS281_.jpg 281w, https:\/\/images-na.ssl-images-amazon.com\/images\/I\/416c36o-bRL._SS799_.jpg 799w, https:\/\/images-na.ssl-images-amazon.com\/images\/I\/416c36o-bRL._SS250_.jpg 250w, https:\/\/images-na.ssl-images-amazon.com\/images\/I\/416c36o-bRL._SS450_.jpg 450w, https:\/\/images-na.ssl-images-amazon.com\/images\/I\/416c36o-bRL._SS220_.jpg 220w\" sizes=\"auto, (max-width: 500px) 100vw, 500px\" \/><\/a>\r\n<\/dt>\r\n<dd class='wp-caption-text gallery-caption'>\r\n<div class='gallery-caption-inner'> <div class='wp-caption-text gallery-title'>\r\n\tBosch-Akku-Teleskop-Heckenschere-UniversalHedgePole-18-1-Akku-18-Volt-System-im-Karton\r\n\t<\/div><div class='wp-caption-text gallery-zoom no-text'>\r\n\t <a href=https:\/\/www.gartenvip.de\/?attachment_id=10556 title='Click to view Full Image' class='icon mustang-gallery'><i class='fa fa-plus'><\/i><\/a>\r\n\t<\/div><div class='wp-caption-text gallery-redirect'>\r\n\t <a href=https:\/\/www.gartenvip.de\/?attachment_id=10556 title='Click to view read more' class='icon readmore'><i class='fa fa-link'><\/i><\/a>\r\n\t<\/div><\/div><\/dd><\/dl><dl class='gallery-item'>\r\n<dt class='gallery-icon landscape'>\r\n<a rel='gallery-nr'><img loading=\"lazy\" decoding=\"async\" width=\"500\" height=\"500\" src=\"https:\/\/images-na.ssl-images-amazon.com\/images\/I\/51A4lDoSQBL.jpg\" class=\"attachment-full size-full\" alt=\"\" srcset=\"https:\/\/images-na.ssl-images-amazon.com\/images\/I\/51A4lDoSQBL.jpg 500w, https:\/\/images-na.ssl-images-amazon.com\/images\/I\/51A4lDoSQBL._SS150_.jpg 150w, https:\/\/images-na.ssl-images-amazon.com\/images\/I\/51A4lDoSQBL._SS300_.jpg 300w, https:\/\/images-na.ssl-images-amazon.com\/images\/I\/51A4lDoSQBL._SS768_.jpg 768w, https:\/\/images-na.ssl-images-amazon.com\/images\/I\/51A4lDoSQBL._SS1024_.jpg 1024w, https:\/\/images-na.ssl-images-amazon.com\/images\/I\/51A4lDoSQBL._SS1536_.jpg 1536w, https:\/\/images-na.ssl-images-amazon.com\/images\/I\/51A4lDoSQBL._SS2048_.jpg 2048w, https:\/\/images-na.ssl-images-amazon.com\/images\/I\/51A4lDoSQBL._SS145_.jpg 145w, https:\/\/images-na.ssl-images-amazon.com\/images\/I\/51A4lDoSQBL._SS1200_.jpg 1200w, https:\/\/images-na.ssl-images-amazon.com\/images\/I\/51A4lDoSQBL._SS50_.jpg 50w, https:\/\/images-na.ssl-images-amazon.com\/images\/I\/51A4lDoSQBL._SS604_.jpg 604w, https:\/\/images-na.ssl-images-amazon.com\/images\/I\/51A4lDoSQBL._SS281_.jpg 281w, https:\/\/images-na.ssl-images-amazon.com\/images\/I\/51A4lDoSQBL._SS799_.jpg 799w, https:\/\/images-na.ssl-images-amazon.com\/images\/I\/51A4lDoSQBL._SS250_.jpg 250w, https:\/\/images-na.ssl-images-amazon.com\/images\/I\/51A4lDoSQBL._SS450_.jpg 450w, https:\/\/images-na.ssl-images-amazon.com\/images\/I\/51A4lDoSQBL._SS220_.jpg 220w\" sizes=\"auto, (max-width: 500px) 100vw, 500px\" \/><\/a>\r\n<\/dt>\r\n<dd class='wp-caption-text gallery-caption'>\r\n<div class='gallery-caption-inner'> <div class='wp-caption-text gallery-title'>\r\n\tBosch-Akku-Teleskop-Heckenschere-UniversalHedgePole-18-1-Akku-18-Volt-System-im-Karton\r\n\t<\/div><div class='wp-caption-text gallery-zoom no-text'>\r\n\t <a href=https:\/\/www.gartenvip.de\/?attachment_id=10557 title='Click to view Full Image' class='icon mustang-gallery'><i class='fa fa-plus'><\/i><\/a>\r\n\t<\/div><div class='wp-caption-text gallery-redirect'>\r\n\t <a href=https:\/\/www.gartenvip.de\/?attachment_id=10557 title='Click to view read more' class='icon readmore'><i class='fa fa-link'><\/i><\/a>\r\n\t<\/div><\/div><\/dd><\/dl><dl class='gallery-item'>\r\n<dt class='gallery-icon landscape'>\r\n<a rel='gallery-nr'><img loading=\"lazy\" decoding=\"async\" width=\"500\" height=\"500\" src=\"https:\/\/images-na.ssl-images-amazon.com\/images\/I\/619gguIbcJL.jpg\" class=\"attachment-full size-full\" alt=\"\" srcset=\"https:\/\/images-na.ssl-images-amazon.com\/images\/I\/619gguIbcJL.jpg 500w, https:\/\/images-na.ssl-images-amazon.com\/images\/I\/619gguIbcJL._SS150_.jpg 150w, https:\/\/images-na.ssl-images-amazon.com\/images\/I\/619gguIbcJL._SS300_.jpg 300w, https:\/\/images-na.ssl-images-amazon.com\/images\/I\/619gguIbcJL._SS768_.jpg 768w, https:\/\/images-na.ssl-images-amazon.com\/images\/I\/619gguIbcJL._SS1024_.jpg 1024w, https:\/\/images-na.ssl-images-amazon.com\/images\/I\/619gguIbcJL._SS1536_.jpg 1536w, https:\/\/images-na.ssl-images-amazon.com\/images\/I\/619gguIbcJL._SS2048_.jpg 2048w, https:\/\/images-na.ssl-images-amazon.com\/images\/I\/619gguIbcJL._SS145_.jpg 145w, https:\/\/images-na.ssl-images-amazon.com\/images\/I\/619gguIbcJL._SS1200_.jpg 1200w, https:\/\/images-na.ssl-images-amazon.com\/images\/I\/619gguIbcJL._SS50_.jpg 50w, https:\/\/images-na.ssl-images-amazon.com\/images\/I\/619gguIbcJL._SS604_.jpg 604w, https:\/\/images-na.ssl-images-amazon.com\/images\/I\/619gguIbcJL._SS281_.jpg 281w, https:\/\/images-na.ssl-images-amazon.com\/images\/I\/619gguIbcJL._SS799_.jpg 799w, https:\/\/images-na.ssl-images-amazon.com\/images\/I\/619gguIbcJL._SS250_.jpg 250w, https:\/\/images-na.ssl-images-amazon.com\/images\/I\/619gguIbcJL._SS450_.jpg 450w, https:\/\/images-na.ssl-images-amazon.com\/images\/I\/619gguIbcJL._SS220_.jpg 220w\" sizes=\"auto, (max-width: 500px) 100vw, 500px\" \/><\/a>\r\n<\/dt>\r\n<dd class='wp-caption-text gallery-caption'>\r\n<div class='gallery-caption-inner'> <div class='wp-caption-text gallery-title'>\r\n\tBosch-Akku-Teleskop-Heckenschere-UniversalHedgePole-18-1-Akku-18-Volt-System-im-Karton\r\n\t<\/div><div class='wp-caption-text gallery-zoom no-text'>\r\n\t <a href=https:\/\/www.gartenvip.de\/?attachment_id=10558 title='Click to view Full Image' class='icon mustang-gallery'><i class='fa fa-plus'><\/i><\/a>\r\n\t<\/div><div class='wp-caption-text gallery-redirect'>\r\n\t <a href=https:\/\/www.gartenvip.de\/?attachment_id=10558 title='Click to view read more' class='icon readmore'><i class='fa fa-link'><\/i><\/a>\r\n\t<\/div><\/div><\/dd><\/dl>\r\n<\/div>\n\n<div class=\"disclaim\"> Stil:<strong>Teleskop Heckenschere | 1 Akku<\/strong> | Pattern Name:<strong>Single<\/strong> <\/div>\n<p> <!-- show up to 2 reviews by default --> <\/p>\n<p><b><\/b><\/p>\n<h2><b> Akku Heckenschere UniversalHedgePole 18 <\/b><\/h2>\n<\/p>\n<p>Die Akku Heckenschere UniversalHedgePole 18 ist perfekt zum m\u00fchelosen Trimmen hoher Hecken. Sie hat <br \/> einen h\u00f6henverstellbaren Teleskopstiel mit Schwenkkopf, der leiterfrei und bequem eine Reichweite von 2,6 m erm\u00f6glicht. <br \/> Das Bosch Anti-Blockier-System sorgt f\u00fcr eine kraftvolle und kontinuierliche Schnittleistung. F\u00fcr eine bequeme Handhabung<br \/> ist sie leicht (3,6 kg) und optimal ausbalanciert. Ein leistungsstarker 18-V-Lithium-Ionen-Akku erm\u00f6glicht bis zu <br \/> 2,5 Stunden kontinuierliches Arbeiten ohne die Gefahr, in das Versorgungskabel zu schneiden.<\/p>\n<\/p>\n<p>Die Universal Werkzeuge von Bosch \u2013 flexibel und leistungsstark mit intelligenten L\u00f6sungen f\u00fcr vielf\u00e4ltige Projekte<br \/>\nIdeale Eignung f\u00fcr hohe und breite Hecken<br \/>\nUnterbrechungsfreies Arbeiten und sauberes Schneiden dank elektronischem Anti-Blockier-System<br \/>\nPower for ALL: Ein Akku und ein Ladeger\u00e4t f\u00fcr das komplette Home &amp; Garden Ger\u00e4tesystem<br \/>\nLieferumfang: UniversalHedgePole 18, 1 Akku, Ladeger\u00e4t AL 1830 CV, Karton<br \/>\n<div class=\"main-cross-sell\" data-asin=\"B077YBRVY4\">\n\n\t<div class=\"WooZone-cross-sell-loader\">\n\t\t<div>\n\t\t\t<div id=\"floatingBarsG\">\n\t\t\t\t<div class=\"blockG\" id=\"rotateG_01\"><\/div>\n\t\t\t\t<div class=\"blockG\" id=\"rotateG_02\"><\/div>\n\t\t\t\t<div class=\"blockG\" id=\"rotateG_03\"><\/div>\n\t\t\t\t<div class=\"blockG\" id=\"rotateG_04\"><\/div>\n\t\t\t\t<div class=\"blockG\" id=\"rotateG_05\"><\/div>\n\t\t\t\t<div class=\"blockG\" id=\"rotateG_06\"><\/div>\n\t\t\t\t<div class=\"blockG\" id=\"rotateG_07\"><\/div>\n\t\t\t\t<div class=\"blockG\" id=\"rotateG_08\"><\/div>\n\t\t\t<\/div>\n\t\t\t<div class=\"WooZone-cross-sell-loader-text\"><\/div>\n\t\t<\/div>\n\t<\/div>\n\n\t\t\n<\/div>\n<div style=\"clear:both;\"><\/div>\n","protected":false},"excerpt":{"rendered":"<p>Die Universal Werkzeuge von Bosch \u2013 flexibel und leistungsstark mit intelligenten L\u00f6sungen f\u00fcr vielf\u00e4ltige Projekte<br \/>\nIdeale Eignung f\u00fcr hohe und breite Hecken<br \/>\nUnterbrechungsfreies Arbeiten und sauberes Schneiden dank elektronischem Anti-Blockier-System<\/p>\n","protected":false},"featured_media":10556,"comment_status":"open","ping_status":"closed","template":"","meta":[],"product_brand":[],"product_cat":[41],"product_tag":[],"class_list":{"0":"post-10555","1":"product","2":"type-product","3":"status-publish","4":"has-post-thumbnail","6":"product_cat-gartengeraete","7":"pa_amazon-bestseller-rang-nr-541-in-garten-siehe-top-100-in-garten-nr-5-in-elektrogartenscheren","8":"pa_antriebsart-akku","9":"pa_artikelgewicht-3-6-kg","10":"pa_batterieart-lithium-ionen","11":"pa_batterien-1-lithium-ionen-batterien-erforderlich-enthalten","12":"pa_brand-marke-bosch-home-and-garden","13":"pa_durchschnittliche-kundenbewer-43-von-5-sternen-2-079-sternebewertungen-43-von-5-sternen","14":"pa_groesse-mit-1-akku-25-ah","15":"pa_hersteller-bosch-home-and-garden","16":"pa_im-angebot-von-amazon-de-seit-6-dezember-2017","17":"pa_lieferumfang-universalhedgepole18-1-akku-18-volt-25-ah-1-stundenladegeraet","18":"pa_masseinheitensystem-metric","19":"pa_modellnummer-06008b3000","20":"pa_produktabmessungen-117-x-16-x-19-5-cm-3-6-kilogramm","21":"pa_stil-single","22":"pa_stil-teleskop-heckenschere-1-akku","23":"pa_stueckzahl-96","24":"pa_stueckzahl-2277","25":"pa_volt-18-volt","26":"pa_watt-45-watt","27":"pa_zusammenbau-noetig-ja","28":"pa_zusammenbau-noetig-nein","31":"first","32":"instock","33":"shipping-taxable","34":"purchasable","35":"product-type-simple"},"_links":{"self":[{"href":"https:\/\/www.gartenvip.de\/index.php?rest_route=\/wp\/v2\/product\/10555","targetHints":{"allow":["GET"]}}],"collection":[{"href":"https:\/\/www.gartenvip.de\/index.php?rest_route=\/wp\/v2\/product"}],"about":[{"href":"https:\/\/www.gartenvip.de\/index.php?rest_route=\/wp\/v2\/types\/product"}],"replies":[{"embeddable":true,"href":"https:\/\/www.gartenvip.de\/index.php?rest_route=%2Fwp%2Fv2%2Fcomments&post=10555"}],"wp:featuredmedia":[{"embeddable":true,"href":"https:\/\/www.gartenvip.de\/index.php?rest_route=\/wp\/v2\/media\/10556"}],"wp:attachment":[{"href":"https:\/\/www.gartenvip.de\/index.php?rest_route=%2Fwp%2Fv2%2Fmedia&parent=10555"}],"wp:term":[{"taxonomy":"product_brand","embeddable":true,"href":"https:\/\/www.gartenvip.de\/index.php?rest_route=%2Fwp%2Fv2%2Fproduct_brand&post=10555"},{"taxonomy":"product_cat","embeddable":true,"href":"https:\/\/www.gartenvip.de\/index.php?rest_route=%2Fwp%2Fv2%2Fproduct_cat&post=10555"},{"taxonomy":"product_tag","embeddable":true,"href":"https:\/\/www.gartenvip.de\/index.php?rest_route=%2Fwp%2Fv2%2Fproduct_tag&post=10555"}],"curies":[{"name":"wp","href":"https:\/\/api.w.org\/{rel}","templated":true}]}}