{"id":11665,"date":"2021-06-21T11:31:04","date_gmt":"2021-06-21T11:31:04","guid":{"rendered":"https:\/\/www.gartenvip.de\/?product=kare-design-deko-zwerg-meditation-gold-gruen-gartenzwerg-hoehe-19cm"},"modified":"2024-01-03T17:21:34","modified_gmt":"2024-01-03T16:21:34","slug":"kare-design-deko-zwerg-meditation-gold-gruen-gartenzwerg-hoehe-19cm","status":"publish","type":"product","link":"https:\/\/www.gartenvip.de\/?product=kare-design-deko-zwerg-meditation-gold-gruen-gartenzwerg-hoehe-19cm","title":{"rendered":"Kare Design Deko Figur Zwerg Meditation gold\/gr\u00fcn, Deko Objekt aus Kunststein, meditierender Gartenzwerg, Accessoire, 19x15x10cm"},"content":{"rendered":"\n\t\t<div id='gallery-1' class='gallery galleryid-11665 gallery-columns-3 gallery-size-full'><dl class='gallery-item'>\r\n<dt class='gallery-icon landscape'>\r\n<a rel='gallery-nr'><img loading=\"lazy\" decoding=\"async\" width=\"500\" height=\"500\" src=\"https:\/\/images-na.ssl-images-amazon.com\/images\/I\/41dNIKjpzEL.jpg\" class=\"attachment-full size-full\" alt=\"\" srcset=\"https:\/\/images-na.ssl-images-amazon.com\/images\/I\/41dNIKjpzEL.jpg 500w, https:\/\/images-na.ssl-images-amazon.com\/images\/I\/41dNIKjpzEL._SS150_.jpg 150w, https:\/\/images-na.ssl-images-amazon.com\/images\/I\/41dNIKjpzEL._SS300_.jpg 300w, https:\/\/images-na.ssl-images-amazon.com\/images\/I\/41dNIKjpzEL._SS768_.jpg 768w, https:\/\/images-na.ssl-images-amazon.com\/images\/I\/41dNIKjpzEL._SS1024_.jpg 1024w, https:\/\/images-na.ssl-images-amazon.com\/images\/I\/41dNIKjpzEL._SS1536_.jpg 1536w, https:\/\/images-na.ssl-images-amazon.com\/images\/I\/41dNIKjpzEL._SS2048_.jpg 2048w, https:\/\/images-na.ssl-images-amazon.com\/images\/I\/41dNIKjpzEL._SS145_.jpg 145w, https:\/\/images-na.ssl-images-amazon.com\/images\/I\/41dNIKjpzEL._SS1200_.jpg 1200w, https:\/\/images-na.ssl-images-amazon.com\/images\/I\/41dNIKjpzEL._SS50_.jpg 50w, https:\/\/images-na.ssl-images-amazon.com\/images\/I\/41dNIKjpzEL._SS604_.jpg 604w, https:\/\/images-na.ssl-images-amazon.com\/images\/I\/41dNIKjpzEL._SS281_.jpg 281w, https:\/\/images-na.ssl-images-amazon.com\/images\/I\/41dNIKjpzEL._SS799_.jpg 799w, https:\/\/images-na.ssl-images-amazon.com\/images\/I\/41dNIKjpzEL._SS250_.jpg 250w, https:\/\/images-na.ssl-images-amazon.com\/images\/I\/41dNIKjpzEL._SS450_.jpg 450w, https:\/\/images-na.ssl-images-amazon.com\/images\/I\/41dNIKjpzEL._SS220_.jpg 220w\" sizes=\"auto, (max-width: 500px) 100vw, 500px\" \/><\/a>\r\n<\/dt>\r\n<dd class='wp-caption-text gallery-caption'>\r\n<div class='gallery-caption-inner'> <div class='wp-caption-text gallery-title'>\r\n\tKare-Design-Deko-Zwerg-Meditation-Gold-Gruen-Gartenzwerg-Hoehe-19cm\r\n\t<\/div><div class='wp-caption-text gallery-zoom no-text'>\r\n\t <a href=https:\/\/www.gartenvip.de\/?attachment_id=11669 title='Click to view Full Image' class='icon mustang-gallery'><i class='fa fa-plus'><\/i><\/a>\r\n\t<\/div><div class='wp-caption-text gallery-redirect'>\r\n\t <a href=https:\/\/www.gartenvip.de\/?attachment_id=11669 title='Click to view read more' class='icon readmore'><i class='fa fa-link'><\/i><\/a>\r\n\t<\/div><\/div><\/dd><\/dl><dl class='gallery-item'>\r\n<dt class='gallery-icon landscape'>\r\n<a rel='gallery-nr'><img loading=\"lazy\" decoding=\"async\" width=\"500\" height=\"500\" src=\"https:\/\/images-na.ssl-images-amazon.com\/images\/I\/31X0aHHzB%2BL.jpg\" class=\"attachment-full size-full\" alt=\"\" srcset=\"https:\/\/images-na.ssl-images-amazon.com\/images\/I\/31X0aHHzB%2BL.jpg 500w, https:\/\/images-na.ssl-images-amazon.com\/images\/I\/31X0aHHzB%2BL._SS150_.jpg 150w, https:\/\/images-na.ssl-images-amazon.com\/images\/I\/31X0aHHzB%2BL._SS300_.jpg 300w, https:\/\/images-na.ssl-images-amazon.com\/images\/I\/31X0aHHzB%2BL._SS768_.jpg 768w, https:\/\/images-na.ssl-images-amazon.com\/images\/I\/31X0aHHzB%2BL._SS1024_.jpg 1024w, https:\/\/images-na.ssl-images-amazon.com\/images\/I\/31X0aHHzB%2BL._SS1536_.jpg 1536w, https:\/\/images-na.ssl-images-amazon.com\/images\/I\/31X0aHHzB%2BL._SS2048_.jpg 2048w, https:\/\/images-na.ssl-images-amazon.com\/images\/I\/31X0aHHzB%2BL._SS145_.jpg 145w, https:\/\/images-na.ssl-images-amazon.com\/images\/I\/31X0aHHzB%2BL._SS1200_.jpg 1200w, https:\/\/images-na.ssl-images-amazon.com\/images\/I\/31X0aHHzB%2BL._SS50_.jpg 50w, https:\/\/images-na.ssl-images-amazon.com\/images\/I\/31X0aHHzB%2BL._SS604_.jpg 604w, https:\/\/images-na.ssl-images-amazon.com\/images\/I\/31X0aHHzB%2BL._SS281_.jpg 281w, https:\/\/images-na.ssl-images-amazon.com\/images\/I\/31X0aHHzB%2BL._SS799_.jpg 799w, https:\/\/images-na.ssl-images-amazon.com\/images\/I\/31X0aHHzB%2BL._SS250_.jpg 250w, https:\/\/images-na.ssl-images-amazon.com\/images\/I\/31X0aHHzB%2BL._SS450_.jpg 450w, https:\/\/images-na.ssl-images-amazon.com\/images\/I\/31X0aHHzB%2BL._SS220_.jpg 220w\" sizes=\"auto, (max-width: 500px) 100vw, 500px\" \/><\/a>\r\n<\/dt>\r\n<dd class='wp-caption-text gallery-caption'>\r\n<div class='gallery-caption-inner'> <div class='wp-caption-text gallery-title'>\r\n\tKare-Design-Deko-Zwerg-Meditation-Gold-Gruen-Gartenzwerg-Hoehe-19cm\r\n\t<\/div><div class='wp-caption-text gallery-zoom no-text'>\r\n\t <a href=https:\/\/www.gartenvip.de\/?attachment_id=11670 title='Click to view Full Image' class='icon mustang-gallery'><i class='fa fa-plus'><\/i><\/a>\r\n\t<\/div><div class='wp-caption-text gallery-redirect'>\r\n\t <a href=https:\/\/www.gartenvip.de\/?attachment_id=11670 title='Click to view read more' class='icon readmore'><i class='fa fa-link'><\/i><\/a>\r\n\t<\/div><\/div><\/dd><\/dl><dl class='gallery-item'>\r\n<dt class='gallery-icon landscape'>\r\n<a rel='gallery-nr'><img loading=\"lazy\" decoding=\"async\" width=\"500\" height=\"500\" src=\"https:\/\/images-na.ssl-images-amazon.com\/images\/I\/31wGwQjvW9L.jpg\" class=\"attachment-full size-full\" alt=\"\" srcset=\"https:\/\/images-na.ssl-images-amazon.com\/images\/I\/31wGwQjvW9L.jpg 500w, https:\/\/images-na.ssl-images-amazon.com\/images\/I\/31wGwQjvW9L._SS150_.jpg 150w, https:\/\/images-na.ssl-images-amazon.com\/images\/I\/31wGwQjvW9L._SS300_.jpg 300w, https:\/\/images-na.ssl-images-amazon.com\/images\/I\/31wGwQjvW9L._SS768_.jpg 768w, https:\/\/images-na.ssl-images-amazon.com\/images\/I\/31wGwQjvW9L._SS1024_.jpg 1024w, https:\/\/images-na.ssl-images-amazon.com\/images\/I\/31wGwQjvW9L._SS1536_.jpg 1536w, https:\/\/images-na.ssl-images-amazon.com\/images\/I\/31wGwQjvW9L._SS2048_.jpg 2048w, https:\/\/images-na.ssl-images-amazon.com\/images\/I\/31wGwQjvW9L._SS145_.jpg 145w, https:\/\/images-na.ssl-images-amazon.com\/images\/I\/31wGwQjvW9L._SS1200_.jpg 1200w, https:\/\/images-na.ssl-images-amazon.com\/images\/I\/31wGwQjvW9L._SS50_.jpg 50w, https:\/\/images-na.ssl-images-amazon.com\/images\/I\/31wGwQjvW9L._SS604_.jpg 604w, https:\/\/images-na.ssl-images-amazon.com\/images\/I\/31wGwQjvW9L._SS281_.jpg 281w, https:\/\/images-na.ssl-images-amazon.com\/images\/I\/31wGwQjvW9L._SS799_.jpg 799w, https:\/\/images-na.ssl-images-amazon.com\/images\/I\/31wGwQjvW9L._SS250_.jpg 250w, https:\/\/images-na.ssl-images-amazon.com\/images\/I\/31wGwQjvW9L._SS450_.jpg 450w, https:\/\/images-na.ssl-images-amazon.com\/images\/I\/31wGwQjvW9L._SS220_.jpg 220w\" sizes=\"auto, (max-width: 500px) 100vw, 500px\" \/><\/a>\r\n<\/dt>\r\n<dd class='wp-caption-text gallery-caption'>\r\n<div class='gallery-caption-inner'> <div class='wp-caption-text gallery-title'>\r\n\tKare-Design-Deko-Zwerg-Meditation-Gold-Gruen-Gartenzwerg-Hoehe-19cm\r\n\t<\/div><div class='wp-caption-text gallery-zoom no-text'>\r\n\t <a href=https:\/\/www.gartenvip.de\/?attachment_id=11671 title='Click to view Full Image' class='icon mustang-gallery'><i class='fa fa-plus'><\/i><\/a>\r\n\t<\/div><div class='wp-caption-text gallery-redirect'>\r\n\t <a href=https:\/\/www.gartenvip.de\/?attachment_id=11671 title='Click to view read more' class='icon readmore'><i class='fa fa-link'><\/i><\/a>\r\n\t<\/div><\/div><\/dd><\/dl>\r\n<\/div>\n\n<div class=\"disclaim\"> Stil:<strong>Meditierend<\/strong> <\/div>\n<p> <!-- show up to 2 reviews by default --> <\/p>\n<p>Zwergenaufstand: Gr\u00fcn hinter den Ohren? Wir glauben kaum. Das Deko Objekt beweist mit seiner originellen Figur, wie charmant verspielte Designs sein k\u00f6nnen. Der Zwerg mit fr\u00f6hlicher Hippie-M\u00fctze ist aus Polyresin gearbeitet und hochgl\u00e4nzend. Weitere Zwerg-Figuren erh\u00e4ltlich. <\/p>\n<p>Eine Hommage an den Liebe zum Garten and typisch deutsch: Der goldene Gartenzwerg als gro\u00dfe Skulptur<br \/>\nOb auf der Terrasse, dem Balkon oder der Fensterbank, dieser freundliche Geselle bringt als Deko Objekt mehr Spa\u00df am Wohnen<br \/>\nMan muss kein Pflanzenfreund sein, um diesen Mitbewohner auch ein bisschen niedlich &#8211; vor allem aber goldig zu finden<br \/>\nImmer sch\u00f6n die Pflanzen gie\u00dfen: An seinem erhobenen Zeigenfinger klebt noch ein bisschen dunkle Erde als charmante Erinnerung<br \/>\nOriginelle Geschenkidee f\u00fcr Balkonbesitzer, Gartenfans und Freunde mit Humor. Viele weitere Zwergen &#8211; Objekte erh\u00e4ltlich<br \/>\n<div class=\"main-cross-sell\" data-asin=\"B07J6411W3\">\n\n\t<div class=\"WooZone-cross-sell-loader\">\n\t\t<div>\n\t\t\t<div id=\"floatingBarsG\">\n\t\t\t\t<div class=\"blockG\" id=\"rotateG_01\"><\/div>\n\t\t\t\t<div class=\"blockG\" id=\"rotateG_02\"><\/div>\n\t\t\t\t<div class=\"blockG\" id=\"rotateG_03\"><\/div>\n\t\t\t\t<div class=\"blockG\" id=\"rotateG_04\"><\/div>\n\t\t\t\t<div class=\"blockG\" id=\"rotateG_05\"><\/div>\n\t\t\t\t<div class=\"blockG\" id=\"rotateG_06\"><\/div>\n\t\t\t\t<div class=\"blockG\" id=\"rotateG_07\"><\/div>\n\t\t\t\t<div class=\"blockG\" id=\"rotateG_08\"><\/div>\n\t\t\t<\/div>\n\t\t\t<div class=\"WooZone-cross-sell-loader-text\"><\/div>\n\t\t<\/div>\n\t<\/div>\n\n\t\t\n<\/div>\n<div style=\"clear:both;\"><\/div>\n","protected":false},"excerpt":{"rendered":"<p>Eine Hommage an den Liebe zum Garten and typisch deutsch: Der goldene Gartenzwerg als gro\u00dfe Skulptur<br \/>\nOb auf der Terrasse, dem Balkon oder der Fensterbank, dieser freundliche Geselle bringt als Deko Objekt mehr Spa\u00df am Wohnen<br \/>\nMan muss kein Pflanzenfreund sein, um diesen Mitbewohner auch ein bisschen niedlich &#8211; vor allem aber goldig zu finden<\/p>\n","protected":false},"featured_media":11669,"comment_status":"open","ping_status":"closed","template":"","meta":[],"product_brand":[],"product_cat":[320],"product_tag":[],"class_list":["post-11665","product","type-product","status-publish","has-post-thumbnail","product_cat-gartendeko","pa_amazon-bestseller-rang-nr-10614-in-kueche-haushalt-wohnen-siehe-top-100-in-kueche-haushalt-wohnen-nr-20-in-sammlerfiguren","pa_brand-besuchen-sie-den-kare-store","pa_durchschnittliche-kundenbewer-47-von-5-sternen-343-sternebewertungen-47-von-5-sternen","pa_im-angebot-von-amazon-de-seit-24-januar-2019","pa_modellnummer-4074","pa_produktabmessungen-10-x-15-x-19-cm-230-gramm","pa_produktgewicht-0-23-kilogramm","pa_stueckzahl-96","pa_zusammenbau-noetig-nein","first","instock","shipping-taxable","purchasable","product-type-simple"],"_links":{"self":[{"href":"https:\/\/www.gartenvip.de\/index.php?rest_route=\/wp\/v2\/product\/11665","targetHints":{"allow":["GET"]}}],"collection":[{"href":"https:\/\/www.gartenvip.de\/index.php?rest_route=\/wp\/v2\/product"}],"about":[{"href":"https:\/\/www.gartenvip.de\/index.php?rest_route=\/wp\/v2\/types\/product"}],"replies":[{"embeddable":true,"href":"https:\/\/www.gartenvip.de\/index.php?rest_route=%2Fwp%2Fv2%2Fcomments&post=11665"}],"wp:featuredmedia":[{"embeddable":true,"href":"https:\/\/www.gartenvip.de\/index.php?rest_route=\/wp\/v2\/media\/11669"}],"wp:attachment":[{"href":"https:\/\/www.gartenvip.de\/index.php?rest_route=%2Fwp%2Fv2%2Fmedia&parent=11665"}],"wp:term":[{"taxonomy":"product_brand","embeddable":true,"href":"https:\/\/www.gartenvip.de\/index.php?rest_route=%2Fwp%2Fv2%2Fproduct_brand&post=11665"},{"taxonomy":"product_cat","embeddable":true,"href":"https:\/\/www.gartenvip.de\/index.php?rest_route=%2Fwp%2Fv2%2Fproduct_cat&post=11665"},{"taxonomy":"product_tag","embeddable":true,"href":"https:\/\/www.gartenvip.de\/index.php?rest_route=%2Fwp%2Fv2%2Fproduct_tag&post=11665"}],"curies":[{"name":"wp","href":"https:\/\/api.w.org\/{rel}","templated":true}]}}

Kare Design Deko Figur Zwerg Meditation gold/grün, Deko Objekt aus Kunststein, meditierender Gartenzwerg, Accessoire, 19x15x10cm

<div id='gallery-1' class='gallery galleryid-11665 gallery-columns-3 gallery-size-full'><dl class='gallery-item'>
<dt class='gallery-icon landscape'>
<a rel='gallery-nr'><img loading="lazy" decoding="async" width="500" height="500" src="https://images-na.ssl-images-amazon.com/images/I/41dNIKjpzEL.jpg" class="attachment-full size-full" alt="" srcset="https://images-na.ssl-images-amazon.com/images/I/41dNIKjpzEL.jpg 500w, https://images-na.ssl-images-amazon.com/images/I/41dNIKjpzEL._SS150_.jpg 150w, https://images-na.ssl-images-amazon.com/images/I/41dNIKjpzEL._SS300_.jpg 300w, https://images-na.ssl-images-amazon.com/images/I/41dNIKjpzEL._SS768_.jpg 768w, https://images-na.ssl-images-amazon.com/images/I/41dNIKjpzEL._SS1024_.jpg 1024w, https://images-na.ssl-images-amazon.com/images/I/41dNIKjpzEL._SS1536_.jpg 1536w, https://images-na.ssl-images-amazon.com/images/I/41dNIKjpzEL._SS2048_.jpg 2048w, https://images-na.ssl-images-amazon.com/images/I/41dNIKjpzEL._SS145_.jpg 145w, https://images-na.ssl-images-amazon.com/images/I/41dNIKjpzEL._SS1200_.jpg 1200w, https://images-na.ssl-images-amazon.com/images/I/41dNIKjpzEL._SS50_.jpg 50w, https://images-na.ssl-images-amazon.com/images/I/41dNIKjpzEL._SS604_.jpg 604w, https://images-na.ssl-images-amazon.com/images/I/41dNIKjpzEL._SS281_.jpg 281w, https://images-na.ssl-images-amazon.com/images/I/41dNIKjpzEL._SS799_.jpg 799w, https://images-na.ssl-images-amazon.com/images/I/41dNIKjpzEL._SS250_.jpg 250w, https://images-na.ssl-images-amazon.com/images/I/41dNIKjpzEL._SS450_.jpg 450w, https://images-na.ssl-images-amazon.com/images/I/41dNIKjpzEL._SS220_.jpg 220w" sizes="auto, (max-width: 500px) 100vw, 500px" /></a>
</dt>
<dd class='wp-caption-text gallery-caption'>
<div class='gallery-caption-inner'> <div class='wp-caption-text gallery-title'>
	Kare-Design-Deko-Zwerg-Meditation-Gold-Gruen-Gartenzwerg-Hoehe-19cm
	</div><div class='wp-caption-text gallery-zoom no-text'>
	 <a href=https://www.gartenvip.de/?attachment_id=11669 title='Click to view Full Image' class='icon mustang-gallery'><i class='fa fa-plus'></i></a>
	</div><div class='wp-caption-text gallery-redirect'>
	 <a href=https://www.gartenvip.de/?attachment_id=11669 title='Click to view read more' class='icon readmore'><i class='fa fa-link'></i></a>
	</div></div></dd></dl><dl class='gallery-item'>
<dt class='gallery-icon landscape'>
<a rel='gallery-nr'><img loading="lazy" decoding="async" width="500" height="500" src="https://images-na.ssl-images-amazon.com/images/I/31X0aHHzB%2BL.jpg" class="attachment-full size-full" alt="" srcset="https://images-na.ssl-images-amazon.com/images/I/31X0aHHzB%2BL.jpg 500w, https://images-na.ssl-images-amazon.com/images/I/31X0aHHzB%2BL._SS150_.jpg 150w, https://images-na.ssl-images-amazon.com/images/I/31X0aHHzB%2BL._SS300_.jpg 300w, https://images-na.ssl-images-amazon.com/images/I/31X0aHHzB%2BL._SS768_.jpg 768w, https://images-na.ssl-images-amazon.com/images/I/31X0aHHzB%2BL._SS1024_.jpg 1024w, https://images-na.ssl-images-amazon.com/images/I/31X0aHHzB%2BL._SS1536_.jpg 1536w, https://images-na.ssl-images-amazon.com/images/I/31X0aHHzB%2BL._SS2048_.jpg 2048w, https://images-na.ssl-images-amazon.com/images/I/31X0aHHzB%2BL._SS145_.jpg 145w, https://images-na.ssl-images-amazon.com/images/I/31X0aHHzB%2BL._SS1200_.jpg 1200w, https://images-na.ssl-images-amazon.com/images/I/31X0aHHzB%2BL._SS50_.jpg 50w, https://images-na.ssl-images-amazon.com/images/I/31X0aHHzB%2BL._SS604_.jpg 604w, https://images-na.ssl-images-amazon.com/images/I/31X0aHHzB%2BL._SS281_.jpg 281w, https://images-na.ssl-images-amazon.com/images/I/31X0aHHzB%2BL._SS799_.jpg 799w, https://images-na.ssl-images-amazon.com/images/I/31X0aHHzB%2BL._SS250_.jpg 250w, https://images-na.ssl-images-amazon.com/images/I/31X0aHHzB%2BL._SS450_.jpg 450w, https://images-na.ssl-images-amazon.com/images/I/31X0aHHzB%2BL._SS220_.jpg 220w" sizes="auto, (max-width: 500px) 100vw, 500px" /></a>
</dt>
<dd class='wp-caption-text gallery-caption'>
<div class='gallery-caption-inner'> <div class='wp-caption-text gallery-title'>
	Kare-Design-Deko-Zwerg-Meditation-Gold-Gruen-Gartenzwerg-Hoehe-19cm
	</div><div class='wp-caption-text gallery-zoom no-text'>
	 <a href=https://www.gartenvip.de/?attachment_id=11670 title='Click to view Full Image' class='icon mustang-gallery'><i class='fa fa-plus'></i></a>
	</div><div class='wp-caption-text gallery-redirect'>
	 <a href=https://www.gartenvip.de/?attachment_id=11670 title='Click to view read more' class='icon readmore'><i class='fa fa-link'></i></a>
	</div></div></dd></dl><dl class='gallery-item'>
<dt class='gallery-icon landscape'>
<a rel='gallery-nr'><img loading="lazy" decoding="async" width="500" height="500" src="https://images-na.ssl-images-amazon.com/images/I/31wGwQjvW9L.jpg" class="attachment-full size-full" alt="" srcset="https://images-na.ssl-images-amazon.com/images/I/31wGwQjvW9L.jpg 500w, https://images-na.ssl-images-amazon.com/images/I/31wGwQjvW9L._SS150_.jpg 150w, https://images-na.ssl-images-amazon.com/images/I/31wGwQjvW9L._SS300_.jpg 300w, https://images-na.ssl-images-amazon.com/images/I/31wGwQjvW9L._SS768_.jpg 768w, https://images-na.ssl-images-amazon.com/images/I/31wGwQjvW9L._SS1024_.jpg 1024w, https://images-na.ssl-images-amazon.com/images/I/31wGwQjvW9L._SS1536_.jpg 1536w, https://images-na.ssl-images-amazon.com/images/I/31wGwQjvW9L._SS2048_.jpg 2048w, https://images-na.ssl-images-amazon.com/images/I/31wGwQjvW9L._SS145_.jpg 145w, https://images-na.ssl-images-amazon.com/images/I/31wGwQjvW9L._SS1200_.jpg 1200w, https://images-na.ssl-images-amazon.com/images/I/31wGwQjvW9L._SS50_.jpg 50w, https://images-na.ssl-images-amazon.com/images/I/31wGwQjvW9L._SS604_.jpg 604w, https://images-na.ssl-images-amazon.com/images/I/31wGwQjvW9L._SS281_.jpg 281w, https://images-na.ssl-images-amazon.com/images/I/31wGwQjvW9L._SS799_.jpg 799w, https://images-na.ssl-images-amazon.com/images/I/31wGwQjvW9L._SS250_.jpg 250w, https://images-na.ssl-images-amazon.com/images/I/31wGwQjvW9L._SS450_.jpg 450w, https://images-na.ssl-images-amazon.com/images/I/31wGwQjvW9L._SS220_.jpg 220w" sizes="auto, (max-width: 500px) 100vw, 500px" /></a>
</dt>
<dd class='wp-caption-text gallery-caption'>
<div class='gallery-caption-inner'> <div class='wp-caption-text gallery-title'>
	Kare-Design-Deko-Zwerg-Meditation-Gold-Gruen-Gartenzwerg-Hoehe-19cm
	</div><div class='wp-caption-text gallery-zoom no-text'>
	 <a href=https://www.gartenvip.de/?attachment_id=11671 title='Click to view Full Image' class='icon mustang-gallery'><i class='fa fa-plus'></i></a>
	</div><div class='wp-caption-text gallery-redirect'>
	 <a href=https://www.gartenvip.de/?attachment_id=11671 title='Click to view read more' class='icon readmore'><i class='fa fa-link'></i></a>
	</div></div></dd></dl>
</div>

<div class="disclaim"> Stil:<strong>Meditierend</strong> </div>
<p> <!-- show up to 2 reviews by default --> </p>
<p>Zwergenaufstand: Grün hinter den Ohren? Wir glauben kaum. Das Deko Objekt beweist mit seiner originellen Figur, wie charmant verspielte Designs sein können. Der Zwerg mit fröhlicher Hippie-Mütze ist aus Polyresin gearbeitet und hochglänzend. Weitere Zwerg-Figuren erhältlich. </p>
<p>Eine Hommage an den Liebe zum Garten and typisch deutsch: Der goldene Gartenzwerg als große Skulptur<br />
Ob auf der Terrasse, dem Balkon oder der Fensterbank, dieser freundliche Geselle bringt als Deko Objekt mehr Spaß am Wohnen<br />
Man muss kein Pflanzenfreund sein, um diesen Mitbewohner auch ein bisschen niedlich &#8211; vor allem aber goldig zu finden<br />
Immer schön die Pflanzen gießen: An seinem erhobenen Zeigenfinger klebt noch ein bisschen dunkle Erde als charmante Erinnerung<br />
Originelle Geschenkidee für Balkonbesitzer, Gartenfans und Freunde mit Humor. Viele weitere Zwergen &#8211; Objekte erhältlich<br />
<div class="main-cross-sell" data-asin="B07J6411W3">

	<div class="WooZone-cross-sell-loader">
		<div>
			<div id="floatingBarsG">
				<div class="blockG" id="rotateG_01"></div>
				<div class="blockG" id="rotateG_02"></div>
				<div class="blockG" id="rotateG_03"></div>
				<div class="blockG" id="rotateG_04"></div>
				<div class="blockG" id="rotateG_05"></div>
				<div class="blockG" id="rotateG_06"></div>
				<div class="blockG" id="rotateG_07"></div>
				<div class="blockG" id="rotateG_08"></div>
			</div>
			<div class="WooZone-cross-sell-loader-text"></div>
		</div>
	</div>

		
</div>
<div style="clear:both;"></div>

<p>Eine Hommage an den Liebe zum Garten and typisch deutsch: Der goldene Gartenzwerg als große Skulptur<br />
Ob auf der Terrasse, dem Balkon oder der Fensterbank, dieser freundliche Geselle bringt als Deko Objekt mehr Spaß am Wohnen<br />
Man muss kein Pflanzenfreund sein, um diesen Mitbewohner auch ein bisschen niedlich &#8211; vor allem aber goldig zu finden</p>
