{"id":12696,"date":"2021-06-21T12:11:40","date_gmt":"2021-06-21T12:11:40","guid":{"rendered":"https:\/\/www.gartenvip.de\/?product=intex-57190np-swim-center-family-lounge-pool-229-x-218-x-76-cm"},"modified":"2024-01-03T17:34:32","modified_gmt":"2024-01-03T16:34:32","slug":"intex-57190np-swim-center-family-lounge-pool-229-x-218-x-76-cm","status":"publish","type":"product","link":"https:\/\/www.gartenvip.de\/?product=intex-57190np-swim-center-family-lounge-pool-229-x-218-x-76-cm","title":{"rendered":"Intex 57190NP Swim Center Family Lounge Pool, 229 x 218 x 76 cm, Rund, Bunt"},"content":{"rendered":"\n\t\t<div id='gallery-1' class='gallery galleryid-12696 gallery-columns-3 gallery-size-full'><dl class='gallery-item'>\r\n<dt class='gallery-icon landscape'>\r\n<a rel='gallery-nr'><img loading=\"lazy\" decoding=\"async\" width=\"500\" height=\"500\" src=\"https:\/\/images-na.ssl-images-amazon.com\/images\/I\/41JFOXHphLL.jpg\" class=\"attachment-full size-full\" alt=\"\" srcset=\"https:\/\/images-na.ssl-images-amazon.com\/images\/I\/41JFOXHphLL.jpg 500w, https:\/\/images-na.ssl-images-amazon.com\/images\/I\/41JFOXHphLL._SS150_.jpg 150w, https:\/\/images-na.ssl-images-amazon.com\/images\/I\/41JFOXHphLL._SS300_.jpg 300w, https:\/\/images-na.ssl-images-amazon.com\/images\/I\/41JFOXHphLL._SS768_.jpg 768w, https:\/\/images-na.ssl-images-amazon.com\/images\/I\/41JFOXHphLL._SS1024_.jpg 1024w, https:\/\/images-na.ssl-images-amazon.com\/images\/I\/41JFOXHphLL._SS1536_.jpg 1536w, https:\/\/images-na.ssl-images-amazon.com\/images\/I\/41JFOXHphLL._SS2048_.jpg 2048w, https:\/\/images-na.ssl-images-amazon.com\/images\/I\/41JFOXHphLL._SS145_.jpg 145w, https:\/\/images-na.ssl-images-amazon.com\/images\/I\/41JFOXHphLL._SS1200_.jpg 1200w, https:\/\/images-na.ssl-images-amazon.com\/images\/I\/41JFOXHphLL._SS50_.jpg 50w, https:\/\/images-na.ssl-images-amazon.com\/images\/I\/41JFOXHphLL._SS604_.jpg 604w, https:\/\/images-na.ssl-images-amazon.com\/images\/I\/41JFOXHphLL._SS281_.jpg 281w, https:\/\/images-na.ssl-images-amazon.com\/images\/I\/41JFOXHphLL._SS799_.jpg 799w, https:\/\/images-na.ssl-images-amazon.com\/images\/I\/41JFOXHphLL._SS250_.jpg 250w, https:\/\/images-na.ssl-images-amazon.com\/images\/I\/41JFOXHphLL._SS450_.jpg 450w, https:\/\/images-na.ssl-images-amazon.com\/images\/I\/41JFOXHphLL._SS220_.jpg 220w\" sizes=\"auto, (max-width: 500px) 100vw, 500px\" \/><\/a>\r\n<\/dt>\r\n<dd class='wp-caption-text gallery-caption'>\r\n<div class='gallery-caption-inner'> <div class='wp-caption-text gallery-title'>\r\n\tIntex-57190NP-Swim-Center-Family-Lounge-Pool-229-x-218-x-76-cm\r\n\t<\/div><div class='wp-caption-text gallery-zoom no-text'>\r\n\t <a href=https:\/\/www.gartenvip.de\/?attachment_id=12697 title='Click to view Full Image' class='icon mustang-gallery'><i class='fa fa-plus'><\/i><\/a>\r\n\t<\/div><div class='wp-caption-text gallery-redirect'>\r\n\t <a href=https:\/\/www.gartenvip.de\/?attachment_id=12697 title='Click to view read more' class='icon readmore'><i class='fa fa-link'><\/i><\/a>\r\n\t<\/div><\/div><\/dd><\/dl><dl class='gallery-item'>\r\n<dt class='gallery-icon landscape'>\r\n<a rel='gallery-nr'><img loading=\"lazy\" decoding=\"async\" width=\"500\" height=\"500\" src=\"https:\/\/images-na.ssl-images-amazon.com\/images\/I\/61KJVU%2B0NtL.jpg\" class=\"attachment-full size-full\" alt=\"\" srcset=\"https:\/\/images-na.ssl-images-amazon.com\/images\/I\/61KJVU%2B0NtL.jpg 500w, https:\/\/images-na.ssl-images-amazon.com\/images\/I\/61KJVU%2B0NtL._SS150_.jpg 150w, https:\/\/images-na.ssl-images-amazon.com\/images\/I\/61KJVU%2B0NtL._SS300_.jpg 300w, https:\/\/images-na.ssl-images-amazon.com\/images\/I\/61KJVU%2B0NtL._SS768_.jpg 768w, https:\/\/images-na.ssl-images-amazon.com\/images\/I\/61KJVU%2B0NtL._SS1024_.jpg 1024w, https:\/\/images-na.ssl-images-amazon.com\/images\/I\/61KJVU%2B0NtL._SS1536_.jpg 1536w, https:\/\/images-na.ssl-images-amazon.com\/images\/I\/61KJVU%2B0NtL._SS2048_.jpg 2048w, https:\/\/images-na.ssl-images-amazon.com\/images\/I\/61KJVU%2B0NtL._SS145_.jpg 145w, https:\/\/images-na.ssl-images-amazon.com\/images\/I\/61KJVU%2B0NtL._SS1200_.jpg 1200w, https:\/\/images-na.ssl-images-amazon.com\/images\/I\/61KJVU%2B0NtL._SS50_.jpg 50w, https:\/\/images-na.ssl-images-amazon.com\/images\/I\/61KJVU%2B0NtL._SS604_.jpg 604w, https:\/\/images-na.ssl-images-amazon.com\/images\/I\/61KJVU%2B0NtL._SS281_.jpg 281w, https:\/\/images-na.ssl-images-amazon.com\/images\/I\/61KJVU%2B0NtL._SS799_.jpg 799w, https:\/\/images-na.ssl-images-amazon.com\/images\/I\/61KJVU%2B0NtL._SS250_.jpg 250w, https:\/\/images-na.ssl-images-amazon.com\/images\/I\/61KJVU%2B0NtL._SS450_.jpg 450w, https:\/\/images-na.ssl-images-amazon.com\/images\/I\/61KJVU%2B0NtL._SS220_.jpg 220w\" sizes=\"auto, (max-width: 500px) 100vw, 500px\" \/><\/a>\r\n<\/dt>\r\n<dd class='wp-caption-text gallery-caption'>\r\n<div class='gallery-caption-inner'> <div class='wp-caption-text gallery-title'>\r\n\tIntex-57190NP-Swim-Center-Family-Lounge-Pool-229-x-218-x-76-cm\r\n\t<\/div><div class='wp-caption-text gallery-zoom no-text'>\r\n\t <a href=https:\/\/www.gartenvip.de\/?attachment_id=12698 title='Click to view Full Image' class='icon mustang-gallery'><i class='fa fa-plus'><\/i><\/a>\r\n\t<\/div><div class='wp-caption-text gallery-redirect'>\r\n\t <a href=https:\/\/www.gartenvip.de\/?attachment_id=12698 title='Click to view read more' class='icon readmore'><i class='fa fa-link'><\/i><\/a>\r\n\t<\/div><\/div><\/dd><\/dl><dl class='gallery-item'>\r\n<dt class='gallery-icon landscape'>\r\n<a rel='gallery-nr'><img loading=\"lazy\" decoding=\"async\" width=\"500\" height=\"500\" src=\"https:\/\/images-na.ssl-images-amazon.com\/images\/I\/61xo-qny7fL.jpg\" class=\"attachment-full size-full\" alt=\"\" srcset=\"https:\/\/images-na.ssl-images-amazon.com\/images\/I\/61xo-qny7fL.jpg 500w, https:\/\/images-na.ssl-images-amazon.com\/images\/I\/61xo-qny7fL._SS150_.jpg 150w, https:\/\/images-na.ssl-images-amazon.com\/images\/I\/61xo-qny7fL._SS300_.jpg 300w, https:\/\/images-na.ssl-images-amazon.com\/images\/I\/61xo-qny7fL._SS768_.jpg 768w, https:\/\/images-na.ssl-images-amazon.com\/images\/I\/61xo-qny7fL._SS1024_.jpg 1024w, https:\/\/images-na.ssl-images-amazon.com\/images\/I\/61xo-qny7fL._SS1536_.jpg 1536w, https:\/\/images-na.ssl-images-amazon.com\/images\/I\/61xo-qny7fL._SS2048_.jpg 2048w, https:\/\/images-na.ssl-images-amazon.com\/images\/I\/61xo-qny7fL._SS145_.jpg 145w, https:\/\/images-na.ssl-images-amazon.com\/images\/I\/61xo-qny7fL._SS1200_.jpg 1200w, https:\/\/images-na.ssl-images-amazon.com\/images\/I\/61xo-qny7fL._SS50_.jpg 50w, https:\/\/images-na.ssl-images-amazon.com\/images\/I\/61xo-qny7fL._SS604_.jpg 604w, https:\/\/images-na.ssl-images-amazon.com\/images\/I\/61xo-qny7fL._SS281_.jpg 281w, https:\/\/images-na.ssl-images-amazon.com\/images\/I\/61xo-qny7fL._SS799_.jpg 799w, https:\/\/images-na.ssl-images-amazon.com\/images\/I\/61xo-qny7fL._SS250_.jpg 250w, https:\/\/images-na.ssl-images-amazon.com\/images\/I\/61xo-qny7fL._SS450_.jpg 450w, https:\/\/images-na.ssl-images-amazon.com\/images\/I\/61xo-qny7fL._SS220_.jpg 220w\" sizes=\"auto, (max-width: 500px) 100vw, 500px\" \/><\/a>\r\n<\/dt>\r\n<dd class='wp-caption-text gallery-caption'>\r\n<div class='gallery-caption-inner'> <div class='wp-caption-text gallery-title'>\r\n\tIntex-57190NP-Swim-Center-Family-Lounge-Pool-229-x-218-x-76-cm\r\n\t<\/div><div class='wp-caption-text gallery-zoom no-text'>\r\n\t <a href=https:\/\/www.gartenvip.de\/?attachment_id=12699 title='Click to view Full Image' class='icon mustang-gallery'><i class='fa fa-plus'><\/i><\/a>\r\n\t<\/div><div class='wp-caption-text gallery-redirect'>\r\n\t <a href=https:\/\/www.gartenvip.de\/?attachment_id=12699 title='Click to view read more' class='icon readmore'><i class='fa fa-link'><\/i><\/a>\r\n\t<\/div><\/div><\/dd><\/dl>\r\n<\/div>\n\n<div class=\"disclaim\"> Stil:<strong>Single<\/strong> <\/div>\n<p> <!-- show up to 2 reviews by default --> <\/p>\n<h3>Produktbeschreibung<\/h3>\n<p>Aufblasbares Planschbecken. Mit 3 aufblasbaren Ringen aus Vinyl. Verf\u00fcgt \u00fcber: 2 Ventile f\u00fcr schnelles Aufpumpen und Ablassen der Luft; aufblasbarer Sitz mit R\u00fcckenlehne; Flaschenhalter; Ablassventil und Reparatur-Kit. <\/p>\n<h3>Warnhinweise<\/h3>\n<p>Keine <\/p>\n<div data-a-expander-name=\"toggle_description\" class=\"a-row a-expander-container a-expander-extend-container\">\n<div class=\"a-expander-content a-expander-extend-content\">\n<h3>Rechtliche Hinweise<\/h3>\n<p>Achtung! Nutzung nur unter direkter Beaufsichtigung eines Erwachsenen. Niemals Ihr Kind unbeaufsichtigt lassen. Nur f\u00fcr den h\u00e4uslichen Gebrauch im aufgeblasenen Zustand benutzen. Bitte lesen Sie die beigef\u00fcgten Instruktionen sorgf\u00e4ltig vor Gebrauch durch. Die Benutzung des Planschbeckens erfordert Beachtung der Warn- und Sicherheitshinweise. <\/p>\n<\/p><\/div>\n<p> <a href=\"void(0)\" data-action=\"a-expander-toggle\" class=\"a-expander-header a-declarative a-expander-extend-header\" data-a-expander-toggle=\"{\"><i class=\"a-icon a-icon-extender-expand\"><\/i><span class=\"a-expander-prompt\">Mehr<\/span><\/a> <\/div>\n<p>Mit Sitzfl\u00e4che.<br \/>\nPool mit drei aufblasbaren Ringen aus strapazierf\u00e4higem Vinyl.<br \/>\nAufblasbare Sitzfl\u00e4che f\u00fcr Erwachsene im Innern des Pools.<br \/>\nMit 2 Luftkammern mit jeweils einem Ventil zum Aufblasen\/Luftablassen.<br \/>\nZwei Flaschenhalter an der Oberseite des Pool-Randes.<br \/>\n<div class=\"main-cross-sell\" data-asin=\"B00MU26OKG\">\n\n\t<div class=\"WooZone-cross-sell-loader\">\n\t\t<div>\n\t\t\t<div id=\"floatingBarsG\">\n\t\t\t\t<div class=\"blockG\" id=\"rotateG_01\"><\/div>\n\t\t\t\t<div class=\"blockG\" id=\"rotateG_02\"><\/div>\n\t\t\t\t<div class=\"blockG\" id=\"rotateG_03\"><\/div>\n\t\t\t\t<div class=\"blockG\" id=\"rotateG_04\"><\/div>\n\t\t\t\t<div class=\"blockG\" id=\"rotateG_05\"><\/div>\n\t\t\t\t<div class=\"blockG\" id=\"rotateG_06\"><\/div>\n\t\t\t\t<div class=\"blockG\" id=\"rotateG_07\"><\/div>\n\t\t\t\t<div class=\"blockG\" id=\"rotateG_08\"><\/div>\n\t\t\t<\/div>\n\t\t\t<div class=\"WooZone-cross-sell-loader-text\"><\/div>\n\t\t<\/div>\n\t<\/div>\n\n\t\t\n<\/div>\n<div style=\"clear:both;\"><\/div>\n","protected":false},"excerpt":{"rendered":"<p>Mit Sitzfl\u00e4che.<br \/>\nPool mit drei aufblasbaren Ringen aus strapazierf\u00e4higem Vinyl.<br \/>\nAufblasbare Sitzfl\u00e4che f\u00fcr Erwachsene im Innern des Pools.<\/p>\n","protected":false},"featured_media":12697,"comment_status":"open","ping_status":"closed","template":"","meta":[],"product_brand":[],"product_cat":[45],"product_tag":[],"class_list":{"0":"post-12696","1":"product","2":"type-product","3":"status-publish","4":"has-post-thumbnail","6":"product_cat-pool","7":"pa_amazon-bestseller-rang-nr-108-in-garten-siehe-top-100-in-garten-nr-2-in-aufblasbare-pools","8":"pa_auslaufartikel-produktion-dur-nein","9":"pa_brand-besuchen-sie-den-intex-store","10":"pa_durchschnittliche-kundenbewer-39-von-5-sternen-3-245-sternebewertungen-39-von-5-sternen","11":"pa_im-angebot-von-amazon-de-seit-9-november-2014","12":"pa_marke-intex","13":"pa_materialart-vinyl-kunststoff","14":"pa_modellnummer-57190np","15":"pa_produktabmessungen-15-3-x-45-8-x-40-3-cm-7-kilogramm","16":"pa_teilenummer-intex-tub-round-up-blue_555","19":"first","20":"instock","21":"shipping-taxable","22":"purchasable","23":"product-type-simple"},"_links":{"self":[{"href":"https:\/\/www.gartenvip.de\/index.php?rest_route=\/wp\/v2\/product\/12696","targetHints":{"allow":["GET"]}}],"collection":[{"href":"https:\/\/www.gartenvip.de\/index.php?rest_route=\/wp\/v2\/product"}],"about":[{"href":"https:\/\/www.gartenvip.de\/index.php?rest_route=\/wp\/v2\/types\/product"}],"replies":[{"embeddable":true,"href":"https:\/\/www.gartenvip.de\/index.php?rest_route=%2Fwp%2Fv2%2Fcomments&post=12696"}],"wp:featuredmedia":[{"embeddable":true,"href":"https:\/\/www.gartenvip.de\/index.php?rest_route=\/wp\/v2\/media\/12697"}],"wp:attachment":[{"href":"https:\/\/www.gartenvip.de\/index.php?rest_route=%2Fwp%2Fv2%2Fmedia&parent=12696"}],"wp:term":[{"taxonomy":"product_brand","embeddable":true,"href":"https:\/\/www.gartenvip.de\/index.php?rest_route=%2Fwp%2Fv2%2Fproduct_brand&post=12696"},{"taxonomy":"product_cat","embeddable":true,"href":"https:\/\/www.gartenvip.de\/index.php?rest_route=%2Fwp%2Fv2%2Fproduct_cat&post=12696"},{"taxonomy":"product_tag","embeddable":true,"href":"https:\/\/www.gartenvip.de\/index.php?rest_route=%2Fwp%2Fv2%2Fproduct_tag&post=12696"}],"curies":[{"name":"wp","href":"https:\/\/api.w.org\/{rel}","templated":true}]}}