{"id":12915,"date":"2021-06-21T12:29:01","date_gmt":"2021-06-21T12:29:01","guid":{"rendered":"https:\/\/www.gartenvip.de\/?product=relaxdays-fruehbeet-alu-stecksystem-lichtdurchlaessig-uv-schutz-mini-gewaechshaus-hxbxt-100-x-50-x-50-cm-transparent"},"modified":"2024-01-03T17:36:56","modified_gmt":"2024-01-03T16:36:56","slug":"relaxdays-fruehbeet-alu-stecksystem-lichtdurchlaessig-uv-schutz-mini-gewaechshaus-hxbxt-100-x-50-x-50-cm-transparent","status":"publish","type":"product","link":"https:\/\/www.gartenvip.de\/?product=relaxdays-fruehbeet-alu-stecksystem-lichtdurchlaessig-uv-schutz-mini-gewaechshaus-hxbxt-100-x-50-x-50-cm-transparent","title":{"rendered":"Relaxdays Fr\u00fchbeet Alu, Stecksystem, lichtdurchl\u00e4ssig, UV-Schutz, Mini Gew\u00e4chshaus, HxBxT: 100 x 50 x 50 cm, transparent"},"content":{"rendered":"<div id='gallery-1' class='gallery galleryid-12915 gallery-columns-3 gallery-size-full'><dl class='gallery-item'>\r\n<dt class='gallery-icon landscape'>\r\n<a rel='gallery-nr'><img loading=\"lazy\" decoding=\"async\" width=\"500\" height=\"500\" src=\"https:\/\/images-na.ssl-images-amazon.com\/images\/I\/31t7tJsCpGL.jpg\" class=\"attachment-full size-full\" alt=\"\" srcset=\"https:\/\/images-na.ssl-images-amazon.com\/images\/I\/31t7tJsCpGL.jpg 500w, https:\/\/images-na.ssl-images-amazon.com\/images\/I\/31t7tJsCpGL._SS150_.jpg 150w, https:\/\/images-na.ssl-images-amazon.com\/images\/I\/31t7tJsCpGL._SS300_.jpg 300w, https:\/\/images-na.ssl-images-amazon.com\/images\/I\/31t7tJsCpGL._SS768_.jpg 768w, https:\/\/images-na.ssl-images-amazon.com\/images\/I\/31t7tJsCpGL._SS1024_.jpg 1024w, https:\/\/images-na.ssl-images-amazon.com\/images\/I\/31t7tJsCpGL._SS1536_.jpg 1536w, https:\/\/images-na.ssl-images-amazon.com\/images\/I\/31t7tJsCpGL._SS2048_.jpg 2048w, https:\/\/images-na.ssl-images-amazon.com\/images\/I\/31t7tJsCpGL._SS145_.jpg 145w, https:\/\/images-na.ssl-images-amazon.com\/images\/I\/31t7tJsCpGL._SS1200_.jpg 1200w, https:\/\/images-na.ssl-images-amazon.com\/images\/I\/31t7tJsCpGL._SS50_.jpg 50w, https:\/\/images-na.ssl-images-amazon.com\/images\/I\/31t7tJsCpGL._SS604_.jpg 604w, https:\/\/images-na.ssl-images-amazon.com\/images\/I\/31t7tJsCpGL._SS281_.jpg 281w, https:\/\/images-na.ssl-images-amazon.com\/images\/I\/31t7tJsCpGL._SS799_.jpg 799w, https:\/\/images-na.ssl-images-amazon.com\/images\/I\/31t7tJsCpGL._SS250_.jpg 250w, https:\/\/images-na.ssl-images-amazon.com\/images\/I\/31t7tJsCpGL._SS450_.jpg 450w, https:\/\/images-na.ssl-images-amazon.com\/images\/I\/31t7tJsCpGL._SS220_.jpg 220w\" sizes=\"auto, (max-width: 500px) 100vw, 500px\" \/><\/a>\r\n<\/dt>\r\n<dd class='wp-caption-text gallery-caption'>\r\n<div class='gallery-caption-inner'> <div class='wp-caption-text gallery-title'>\r\n\tRelaxdays-Fruehbeet-Alu-Stecksystem-lichtdurchlaessig-UV-Schutz-Mini-Gewaechshaus-HxBxT-100-x-50-x-50-cm-transparent\r\n\t<\/div><div class='wp-caption-text gallery-zoom no-text'>\r\n\t <a href=https:\/\/www.gartenvip.de\/?attachment_id=12916 title='Click to view Full Image' class='icon mustang-gallery'><i class='fa fa-plus'><\/i><\/a>\r\n\t<\/div><div class='wp-caption-text gallery-redirect'>\r\n\t <a href=https:\/\/www.gartenvip.de\/?attachment_id=12916 title='Click to view read more' class='icon readmore'><i class='fa fa-link'><\/i><\/a>\r\n\t<\/div><\/div><\/dd><\/dl><dl class='gallery-item'>\r\n<dt class='gallery-icon landscape'>\r\n<a rel='gallery-nr'><img loading=\"lazy\" decoding=\"async\" width=\"500\" height=\"500\" src=\"https:\/\/images-na.ssl-images-amazon.com\/images\/I\/51LXGCy2fhL.jpg\" class=\"attachment-full size-full\" alt=\"\" srcset=\"https:\/\/images-na.ssl-images-amazon.com\/images\/I\/51LXGCy2fhL.jpg 500w, https:\/\/images-na.ssl-images-amazon.com\/images\/I\/51LXGCy2fhL._SS150_.jpg 150w, https:\/\/images-na.ssl-images-amazon.com\/images\/I\/51LXGCy2fhL._SS300_.jpg 300w, https:\/\/images-na.ssl-images-amazon.com\/images\/I\/51LXGCy2fhL._SS768_.jpg 768w, https:\/\/images-na.ssl-images-amazon.com\/images\/I\/51LXGCy2fhL._SS1024_.jpg 1024w, https:\/\/images-na.ssl-images-amazon.com\/images\/I\/51LXGCy2fhL._SS1536_.jpg 1536w, https:\/\/images-na.ssl-images-amazon.com\/images\/I\/51LXGCy2fhL._SS2048_.jpg 2048w, https:\/\/images-na.ssl-images-amazon.com\/images\/I\/51LXGCy2fhL._SS145_.jpg 145w, https:\/\/images-na.ssl-images-amazon.com\/images\/I\/51LXGCy2fhL._SS1200_.jpg 1200w, https:\/\/images-na.ssl-images-amazon.com\/images\/I\/51LXGCy2fhL._SS50_.jpg 50w, https:\/\/images-na.ssl-images-amazon.com\/images\/I\/51LXGCy2fhL._SS604_.jpg 604w, https:\/\/images-na.ssl-images-amazon.com\/images\/I\/51LXGCy2fhL._SS281_.jpg 281w, https:\/\/images-na.ssl-images-amazon.com\/images\/I\/51LXGCy2fhL._SS799_.jpg 799w, https:\/\/images-na.ssl-images-amazon.com\/images\/I\/51LXGCy2fhL._SS250_.jpg 250w, https:\/\/images-na.ssl-images-amazon.com\/images\/I\/51LXGCy2fhL._SS450_.jpg 450w, https:\/\/images-na.ssl-images-amazon.com\/images\/I\/51LXGCy2fhL._SS220_.jpg 220w\" sizes=\"auto, (max-width: 500px) 100vw, 500px\" \/><\/a>\r\n<\/dt>\r\n<dd class='wp-caption-text gallery-caption'>\r\n<div class='gallery-caption-inner'> <div class='wp-caption-text gallery-title'>\r\n\tRelaxdays-Fruehbeet-Alu-Stecksystem-lichtdurchlaessig-UV-Schutz-Mini-Gewaechshaus-HxBxT-100-x-50-x-50-cm-transparent\r\n\t<\/div><div class='wp-caption-text gallery-zoom no-text'>\r\n\t <a href=https:\/\/www.gartenvip.de\/?attachment_id=12918 title='Click to view Full Image' class='icon mustang-gallery'><i class='fa fa-plus'><\/i><\/a>\r\n\t<\/div><div class='wp-caption-text gallery-redirect'>\r\n\t <a href=https:\/\/www.gartenvip.de\/?attachment_id=12918 title='Click to view read more' class='icon readmore'><i class='fa fa-link'><\/i><\/a>\r\n\t<\/div><\/div><\/dd><\/dl><dl class='gallery-item'>\r\n<dt class='gallery-icon landscape'>\r\n<a rel='gallery-nr'><img loading=\"lazy\" decoding=\"async\" width=\"500\" height=\"500\" src=\"https:\/\/images-na.ssl-images-amazon.com\/images\/I\/518xeoTpI4L.jpg\" class=\"attachment-full size-full\" alt=\"\" srcset=\"https:\/\/images-na.ssl-images-amazon.com\/images\/I\/518xeoTpI4L.jpg 500w, https:\/\/images-na.ssl-images-amazon.com\/images\/I\/518xeoTpI4L._SS150_.jpg 150w, https:\/\/images-na.ssl-images-amazon.com\/images\/I\/518xeoTpI4L._SS300_.jpg 300w, https:\/\/images-na.ssl-images-amazon.com\/images\/I\/518xeoTpI4L._SS768_.jpg 768w, https:\/\/images-na.ssl-images-amazon.com\/images\/I\/518xeoTpI4L._SS1024_.jpg 1024w, https:\/\/images-na.ssl-images-amazon.com\/images\/I\/518xeoTpI4L._SS1536_.jpg 1536w, https:\/\/images-na.ssl-images-amazon.com\/images\/I\/518xeoTpI4L._SS2048_.jpg 2048w, https:\/\/images-na.ssl-images-amazon.com\/images\/I\/518xeoTpI4L._SS145_.jpg 145w, https:\/\/images-na.ssl-images-amazon.com\/images\/I\/518xeoTpI4L._SS1200_.jpg 1200w, https:\/\/images-na.ssl-images-amazon.com\/images\/I\/518xeoTpI4L._SS50_.jpg 50w, https:\/\/images-na.ssl-images-amazon.com\/images\/I\/518xeoTpI4L._SS604_.jpg 604w, https:\/\/images-na.ssl-images-amazon.com\/images\/I\/518xeoTpI4L._SS281_.jpg 281w, https:\/\/images-na.ssl-images-amazon.com\/images\/I\/518xeoTpI4L._SS799_.jpg 799w, https:\/\/images-na.ssl-images-amazon.com\/images\/I\/518xeoTpI4L._SS250_.jpg 250w, https:\/\/images-na.ssl-images-amazon.com\/images\/I\/518xeoTpI4L._SS450_.jpg 450w, https:\/\/images-na.ssl-images-amazon.com\/images\/I\/518xeoTpI4L._SS220_.jpg 220w\" sizes=\"auto, (max-width: 500px) 100vw, 500px\" \/><\/a>\r\n<\/dt>\r\n<dd class='wp-caption-text gallery-caption'>\r\n<div class='gallery-caption-inner'> <div class='wp-caption-text gallery-title'>\r\n\tRelaxdays-Fruehbeet-Alu-Stecksystem-lichtdurchlaessig-UV-Schutz-Mini-Gewaechshaus-HxBxT-100-x-50-x-50-cm-transparent\r\n\t<\/div><div class='wp-caption-text gallery-zoom no-text'>\r\n\t <a href=https:\/\/www.gartenvip.de\/?attachment_id=12919 title='Click to view Full Image' class='icon mustang-gallery'><i class='fa fa-plus'><\/i><\/a>\r\n\t<\/div><div class='wp-caption-text gallery-redirect'>\r\n\t <a href=https:\/\/www.gartenvip.de\/?attachment_id=12919 title='Click to view read more' class='icon readmore'><i class='fa fa-link'><\/i><\/a>\r\n\t<\/div><\/div><\/dd><\/dl>\r\n<\/div>\n<br \/>\n<!-- show up to 2 reviews by default --> <\/p>\n<h3>Produktbeschreibung<\/h3>\n<p>Freuen Sie sich das ganze Jahr \u00fcber frisches Gem\u00fcse mit dem witterungsbest\u00e4ndigen Treibkasten f\u00fcr den Garten! In dem w\u00e4rmespeichernden Anzuchtkasten gedeihen Gurken, Salate, Kr\u00e4uter optimal und sind vor Wind und Wetter gesch\u00fctzt. Auch Sch\u00e4dlinge wie Insekten und Schnecken haben bei dem lichtdurchl\u00e4ssigen Fr\u00fchbeetkasten keine Chance.Der Gew\u00e4chskasten besteht aus mehreren Doppelstegplatten, die sich einfach zusammenstecken lassen. F\u00fcr den richtigen Bel\u00fcftungsgrad l\u00e4sst sich die Abdeckung in vier Stufen \u00f6ffnen. Dank der warmen Bedingungen f\u00fchlen sich auch Schildkr\u00f6ten im Fr\u00fchbeet \u00e4u\u00dferst wohl.Hinweis: Bitte sorgen Sie f\u00fcr ausreichende Luftzufuhr, wenn Sie das Fr\u00fchbeet als Schildkr\u00f6tengehege verwenden wollen!Lichtdurchl\u00e4ssiges Fr\u00fchbeet im Detail- Fl\u00e4che B x T: ca. 100 x 50 cm- H\u00f6he vorne: ca. 40 cm- H\u00f6he hinten: ca. 50 cm- Material: Aluminium-Rahmen, 4 mm PP-Platten- Gewicht: ca. 1,6 kg- Farbe: transparentMini-Gew\u00e4chshaus f\u00fcr den Garten- Anzucht von Jungpflanzen, Gem\u00fcse und Stauden- Warme Bedingungen ren schnelle Keimung- Schutz vor Wind, UV-Strahlen und Sch\u00e4dlingen- 4 \u00d6ffnungsstufen f\u00fcr kontrollierte Bel\u00fcftung- Unkomplizierter Aufbau dank Stecksystem- Auch als Gehege f\u00fcr Schildkr\u00f6ten geeignetLieferumfang- 1 x Fr\u00fchbeet in Einzelteilen- Mit Anleitung- Dekorationsartikel sind im Lieferumfang nicht enthalten <\/p>\n<h3>Rechtliche Hinweise<\/h3>\n<p>Informationen zu Elektro- und Elektronikger\u00e4ten Die nachfolgenden Hinweise richten sich an private Haushalte, die Elektro- und\/ oder Elektronikger\u00e4te nutzen. 1. Hinweise zur Entsorgung von Elektro- und Elektronikger\u00e4ten und zur Bedeutung des Symbols nach Anhang 3 zum ElektroG: Besitzer von Altger\u00e4ten haben diese einer vom unsortierten Siedlungsabfall getrennten Erfassung zuzuf\u00fchren. Elektro- und Elektronikaltger\u00e4te d\u00fcrfen daher nicht als unsortierter Siedlungsabfall beseitigt werden und geh\u00f6ren insbesondere nicht in den Hausm\u00fcll. Vielmehr sind diese Altger\u00e4te getrennt zu sammeln und etwa \u00fcber die \u00f6rtlichen Sammel- und R\u00fcckgabesysteme zu entsorgen. Besitzer von Altger\u00e4ten haben zudem Altbatterien und Altakkumulatoren, die nicht vom Altger\u00e4t umschlossen sind, vor der Abgabe an einer Erfassungsstelle von diesem zu trennen. Letzteres gilt nicht, soweit die Altger\u00e4te nach \u00a7 14 Absatz 5 Satz 2 und 3 ElektroG im Rahmen der Optierung durch die \u00f6ffentlich-rechtlichen Entsorgungstr\u00e4ger zum Zwecke der Vorbereitung zur Wiederverwendung von anderen Altger\u00e4ten separiert werden, um diese f\u00fcr die Wiederverwendung vorzubereiten. Anhand des Symbols nach Anlage 3 zum ElektroG k\u00f6nnen Besitzer Altger\u00e4te erkennen, die getrennt vom unsortierten Siedlungsabfall zu erfassen sind. Das Symbol f\u00fcr die getrennte Erfassung von Elektro- und Elektronikger\u00e4ten stellt eine durchgestrichene Abfalltonne auf R\u00e4dern dar. 2. Hinweise zu den M\u00f6glichkeiten der R\u00fcckgabe von Altger\u00e4ten: Besitzer von Altger\u00e4ten k\u00f6nnen diese im Rahmen der durch \u00f6ffentlich-rechtlichen Entsorgungstr\u00e4ger eingerichteten und zur Verf\u00fcgung stehenden M\u00f6glichkeiten der R\u00fcckgabe oder Sammlung von Altger\u00e4ten abgeben, damit eine ordnungsgem\u00e4\u00dfe Entsorgung der Altger\u00e4te sichergestellt ist. Gegebenenfalls ist dort auch eine Abgabe von Elektro- und Elektronikger\u00e4ten zum Zwecke der Wiederverwendung der Ger\u00e4te m\u00f6glich. N\u00e4here Informationen hierzu erhalten Sie von der jeweiligen Sammel- bzw. R\u00fccknahmestelle. Unter dem folgenden Link besteht die M\u00f6glichkeit, sich ein Onlineverzeichnis der Sammel- und R\u00fccknahmestellen anzuzeigen zu lassen: https:\/\/www.ear-system.de\/ear-verzeichnis\/sammel-und-ruecknahmestellen 4. Hinweis zu unserer WEEE-Registrierungsnummer Wir sind bei der Stiftung Elektro-Altger\u00e4te Register, Benno-Strau\u00df-Str. 1, 90763 F\u00fcrth als Hersteller von Elektro- und\/ oder Elektronikger\u00e4ten unter der folgenden Registrierungs-nummer (WEEE-Reg.-Nr. DE) registriert: DE 17638816 <\/p>\n<p>Schnelle Keimung: Gut isoliertes Geh\u00e4use aus Kunststoff schafft warme Bedingungen im Anzuchtkasten<br \/>\nOptimaler Schutz: Mini-Gew\u00e4chshaus sch\u00fctzt Pflanzen vor Regen, UV-Strahlen, Insekten und Schnecken<br \/>\n4 verschiedene Stufen: H\u00f6henverstellbarer Deckel erm\u00f6glicht Kontrolle der Luftzufuhr im Treibkasten<br \/>\nLeichter Aufbau: Einfaches Stecksystem mit stabilen Doppelstegplatten aus Aluminium und Plastik<br \/>\nVielseitig verwendbar: Fr\u00fchbeet zur Anzucht von Jungpflanzen und Gem\u00fcse oder Gehege f\u00fcr Schildkr\u00f6ten<br \/>\n<div class=\"main-cross-sell\" data-asin=\"B07G3CPTV3\">\n\n\t<div class=\"WooZone-cross-sell-loader\">\n\t\t<div>\n\t\t\t<div id=\"floatingBarsG\">\n\t\t\t\t<div class=\"blockG\" id=\"rotateG_01\"><\/div>\n\t\t\t\t<div class=\"blockG\" id=\"rotateG_02\"><\/div>\n\t\t\t\t<div class=\"blockG\" id=\"rotateG_03\"><\/div>\n\t\t\t\t<div class=\"blockG\" id=\"rotateG_04\"><\/div>\n\t\t\t\t<div class=\"blockG\" id=\"rotateG_05\"><\/div>\n\t\t\t\t<div class=\"blockG\" id=\"rotateG_06\"><\/div>\n\t\t\t\t<div class=\"blockG\" id=\"rotateG_07\"><\/div>\n\t\t\t\t<div class=\"blockG\" id=\"rotateG_08\"><\/div>\n\t\t\t<\/div>\n\t\t\t<div class=\"WooZone-cross-sell-loader-text\"><\/div>\n\t\t<\/div>\n\t<\/div>\n\n\t\t\n<\/div>\n<div style=\"clear:both;\"><\/div>\n","protected":false},"excerpt":{"rendered":"<p>Schnelle Keimung: Gut isoliertes Geh\u00e4use aus Kunststoff schafft warme Bedingungen im Anzuchtkasten<br \/>\nOptimaler Schutz: Mini-Gew\u00e4chshaus sch\u00fctzt Pflanzen vor Regen, UV-Strahlen, Insekten und Schnecken<br \/>\n4 verschiedene Stufen: H\u00f6henverstellbarer Deckel erm\u00f6glicht Kontrolle der Luftzufuhr im Treibkasten<\/p>\n","protected":false},"featured_media":12916,"comment_status":"open","ping_status":"closed","template":"","meta":[],"product_brand":[],"product_cat":[248],"product_tag":[],"class_list":{"0":"post-12915","1":"product","2":"type-product","3":"status-publish","4":"has-post-thumbnail","6":"product_cat-gewaechshaus","7":"pa_amazon-bestseller-rang-nr-19477-in-garten-siehe-top-100-in-garten-nr-12-in-gartengewaechshaeuser","8":"pa_brand-besuchen-sie-den-relaxdays-store","9":"pa_durchschnittliche-kundenbewer-33-von-5-sternen-346-sternebewertungen-33-von-5-sternen","10":"pa_hersteller-relaxdays","11":"pa_im-angebot-von-amazon-de-seit-1-august-2018","12":"pa_produktabmessungen-50-x-100-x-50-cm-1-6-kilogramm","13":"pa_teilenummer-5820","16":"first","17":"instock","18":"shipping-taxable","19":"purchasable","20":"product-type-simple"},"_links":{"self":[{"href":"https:\/\/www.gartenvip.de\/index.php?rest_route=\/wp\/v2\/product\/12915","targetHints":{"allow":["GET"]}}],"collection":[{"href":"https:\/\/www.gartenvip.de\/index.php?rest_route=\/wp\/v2\/product"}],"about":[{"href":"https:\/\/www.gartenvip.de\/index.php?rest_route=\/wp\/v2\/types\/product"}],"replies":[{"embeddable":true,"href":"https:\/\/www.gartenvip.de\/index.php?rest_route=%2Fwp%2Fv2%2Fcomments&post=12915"}],"wp:featuredmedia":[{"embeddable":true,"href":"https:\/\/www.gartenvip.de\/index.php?rest_route=\/wp\/v2\/media\/12916"}],"wp:attachment":[{"href":"https:\/\/www.gartenvip.de\/index.php?rest_route=%2Fwp%2Fv2%2Fmedia&parent=12915"}],"wp:term":[{"taxonomy":"product_brand","embeddable":true,"href":"https:\/\/www.gartenvip.de\/index.php?rest_route=%2Fwp%2Fv2%2Fproduct_brand&post=12915"},{"taxonomy":"product_cat","embeddable":true,"href":"https:\/\/www.gartenvip.de\/index.php?rest_route=%2Fwp%2Fv2%2Fproduct_cat&post=12915"},{"taxonomy":"product_tag","embeddable":true,"href":"https:\/\/www.gartenvip.de\/index.php?rest_route=%2Fwp%2Fv2%2Fproduct_tag&post=12915"}],"curies":[{"name":"wp","href":"https:\/\/api.w.org\/{rel}","templated":true}]}}