{"id":12962,"date":"2021-06-21T12:32:24","date_gmt":"2021-06-21T12:32:24","guid":{"rendered":"https:\/\/www.gartenvip.de\/?product=kinzo-garden-gewaechshaus-kleines-gewaechshaus-mit-2-etagen-50-x-45-x-80-cm-transparent-mit-gruenen-akzenten"},"modified":"2024-01-03T17:36:57","modified_gmt":"2024-01-03T16:36:57","slug":"kinzo-garden-gewaechshaus-kleines-gewaechshaus-mit-2-etagen-50-x-45-x-80-cm-transparent-mit-gruenen-akzenten","status":"publish","type":"product","link":"https:\/\/www.gartenvip.de\/?product=kinzo-garden-gewaechshaus-kleines-gewaechshaus-mit-2-etagen-50-x-45-x-80-cm-transparent-mit-gruenen-akzenten","title":{"rendered":"Kinzo Garden Gew\u00e4chshaus &#8211; 45 x 50 x 80 cm &#8211; 2 Etagen &#8211; Tomatengew\u00e4chshaus"},"content":{"rendered":"<div id='gallery-1' class='gallery galleryid-12962 gallery-columns-3 gallery-size-full'><dl class='gallery-item'>\r\n<dt class='gallery-icon landscape'>\r\n<a rel='gallery-nr'><img loading=\"lazy\" decoding=\"async\" width=\"500\" height=\"500\" src=\"https:\/\/images-na.ssl-images-amazon.com\/images\/I\/41GLgDgPQMS.jpg\" class=\"attachment-full size-full\" alt=\"\" srcset=\"https:\/\/images-na.ssl-images-amazon.com\/images\/I\/41GLgDgPQMS.jpg 500w, https:\/\/images-na.ssl-images-amazon.com\/images\/I\/41GLgDgPQMS._SS150_.jpg 150w, https:\/\/images-na.ssl-images-amazon.com\/images\/I\/41GLgDgPQMS._SS300_.jpg 300w, https:\/\/images-na.ssl-images-amazon.com\/images\/I\/41GLgDgPQMS._SS768_.jpg 768w, https:\/\/images-na.ssl-images-amazon.com\/images\/I\/41GLgDgPQMS._SS1024_.jpg 1024w, https:\/\/images-na.ssl-images-amazon.com\/images\/I\/41GLgDgPQMS._SS1536_.jpg 1536w, https:\/\/images-na.ssl-images-amazon.com\/images\/I\/41GLgDgPQMS._SS2048_.jpg 2048w, https:\/\/images-na.ssl-images-amazon.com\/images\/I\/41GLgDgPQMS._SS145_.jpg 145w, https:\/\/images-na.ssl-images-amazon.com\/images\/I\/41GLgDgPQMS._SS1200_.jpg 1200w, https:\/\/images-na.ssl-images-amazon.com\/images\/I\/41GLgDgPQMS._SS50_.jpg 50w, https:\/\/images-na.ssl-images-amazon.com\/images\/I\/41GLgDgPQMS._SS604_.jpg 604w, https:\/\/images-na.ssl-images-amazon.com\/images\/I\/41GLgDgPQMS._SS281_.jpg 281w, https:\/\/images-na.ssl-images-amazon.com\/images\/I\/41GLgDgPQMS._SS799_.jpg 799w, https:\/\/images-na.ssl-images-amazon.com\/images\/I\/41GLgDgPQMS._SS250_.jpg 250w, https:\/\/images-na.ssl-images-amazon.com\/images\/I\/41GLgDgPQMS._SS450_.jpg 450w, https:\/\/images-na.ssl-images-amazon.com\/images\/I\/41GLgDgPQMS._SS220_.jpg 220w\" sizes=\"auto, (max-width: 500px) 100vw, 500px\" \/><\/a>\r\n<\/dt>\r\n<dd class='wp-caption-text gallery-caption'>\r\n<div class='gallery-caption-inner'> <div class='wp-caption-text gallery-title'>\r\n\tKinzo-Garden-Gewaechshaus-kleines-Gewaechshaus-mit-2-Etagen-50-x-45-x-80-cm-Transparent-mit-gruenen-Akzenten\r\n\t<\/div><div class='wp-caption-text gallery-zoom no-text'>\r\n\t <a href=https:\/\/www.gartenvip.de\/?attachment_id=12963 title='Click to view Full Image' class='icon mustang-gallery'><i class='fa fa-plus'><\/i><\/a>\r\n\t<\/div><div class='wp-caption-text gallery-redirect'>\r\n\t <a href=https:\/\/www.gartenvip.de\/?attachment_id=12963 title='Click to view read more' class='icon readmore'><i class='fa fa-link'><\/i><\/a>\r\n\t<\/div><\/div><\/dd><\/dl><dl class='gallery-item'>\r\n<dt class='gallery-icon landscape'>\r\n<a rel='gallery-nr'><img loading=\"lazy\" decoding=\"async\" width=\"500\" height=\"500\" src=\"https:\/\/images-na.ssl-images-amazon.com\/images\/I\/41U2jgcy66L.jpg\" class=\"attachment-full size-full\" alt=\"\" srcset=\"https:\/\/images-na.ssl-images-amazon.com\/images\/I\/41U2jgcy66L.jpg 500w, https:\/\/images-na.ssl-images-amazon.com\/images\/I\/41U2jgcy66L._SS150_.jpg 150w, https:\/\/images-na.ssl-images-amazon.com\/images\/I\/41U2jgcy66L._SS300_.jpg 300w, https:\/\/images-na.ssl-images-amazon.com\/images\/I\/41U2jgcy66L._SS768_.jpg 768w, https:\/\/images-na.ssl-images-amazon.com\/images\/I\/41U2jgcy66L._SS1024_.jpg 1024w, https:\/\/images-na.ssl-images-amazon.com\/images\/I\/41U2jgcy66L._SS1536_.jpg 1536w, https:\/\/images-na.ssl-images-amazon.com\/images\/I\/41U2jgcy66L._SS2048_.jpg 2048w, https:\/\/images-na.ssl-images-amazon.com\/images\/I\/41U2jgcy66L._SS145_.jpg 145w, https:\/\/images-na.ssl-images-amazon.com\/images\/I\/41U2jgcy66L._SS1200_.jpg 1200w, https:\/\/images-na.ssl-images-amazon.com\/images\/I\/41U2jgcy66L._SS50_.jpg 50w, https:\/\/images-na.ssl-images-amazon.com\/images\/I\/41U2jgcy66L._SS604_.jpg 604w, https:\/\/images-na.ssl-images-amazon.com\/images\/I\/41U2jgcy66L._SS281_.jpg 281w, https:\/\/images-na.ssl-images-amazon.com\/images\/I\/41U2jgcy66L._SS799_.jpg 799w, https:\/\/images-na.ssl-images-amazon.com\/images\/I\/41U2jgcy66L._SS250_.jpg 250w, https:\/\/images-na.ssl-images-amazon.com\/images\/I\/41U2jgcy66L._SS450_.jpg 450w, https:\/\/images-na.ssl-images-amazon.com\/images\/I\/41U2jgcy66L._SS220_.jpg 220w\" sizes=\"auto, (max-width: 500px) 100vw, 500px\" \/><\/a>\r\n<\/dt>\r\n<dd class='wp-caption-text gallery-caption'>\r\n<div class='gallery-caption-inner'> <div class='wp-caption-text gallery-title'>\r\n\tKinzo-Garden-Gewaechshaus-kleines-Gewaechshaus-mit-2-Etagen-50-x-45-x-80-cm-Transparent-mit-gruenen-Akzenten\r\n\t<\/div><div class='wp-caption-text gallery-zoom no-text'>\r\n\t <a href=https:\/\/www.gartenvip.de\/?attachment_id=12964 title='Click to view Full Image' class='icon mustang-gallery'><i class='fa fa-plus'><\/i><\/a>\r\n\t<\/div><div class='wp-caption-text gallery-redirect'>\r\n\t <a href=https:\/\/www.gartenvip.de\/?attachment_id=12964 title='Click to view read more' class='icon readmore'><i class='fa fa-link'><\/i><\/a>\r\n\t<\/div><\/div><\/dd><\/dl><dl class='gallery-item'>\r\n<dt class='gallery-icon landscape'>\r\n<a rel='gallery-nr'><img loading=\"lazy\" decoding=\"async\" width=\"500\" height=\"500\" src=\"https:\/\/images-na.ssl-images-amazon.com\/images\/I\/41mz4lR75VL.jpg\" class=\"attachment-full size-full\" alt=\"\" srcset=\"https:\/\/images-na.ssl-images-amazon.com\/images\/I\/41mz4lR75VL.jpg 500w, https:\/\/images-na.ssl-images-amazon.com\/images\/I\/41mz4lR75VL._SS150_.jpg 150w, https:\/\/images-na.ssl-images-amazon.com\/images\/I\/41mz4lR75VL._SS300_.jpg 300w, https:\/\/images-na.ssl-images-amazon.com\/images\/I\/41mz4lR75VL._SS768_.jpg 768w, https:\/\/images-na.ssl-images-amazon.com\/images\/I\/41mz4lR75VL._SS1024_.jpg 1024w, https:\/\/images-na.ssl-images-amazon.com\/images\/I\/41mz4lR75VL._SS1536_.jpg 1536w, https:\/\/images-na.ssl-images-amazon.com\/images\/I\/41mz4lR75VL._SS2048_.jpg 2048w, https:\/\/images-na.ssl-images-amazon.com\/images\/I\/41mz4lR75VL._SS145_.jpg 145w, https:\/\/images-na.ssl-images-amazon.com\/images\/I\/41mz4lR75VL._SS1200_.jpg 1200w, https:\/\/images-na.ssl-images-amazon.com\/images\/I\/41mz4lR75VL._SS50_.jpg 50w, https:\/\/images-na.ssl-images-amazon.com\/images\/I\/41mz4lR75VL._SS604_.jpg 604w, https:\/\/images-na.ssl-images-amazon.com\/images\/I\/41mz4lR75VL._SS281_.jpg 281w, https:\/\/images-na.ssl-images-amazon.com\/images\/I\/41mz4lR75VL._SS799_.jpg 799w, https:\/\/images-na.ssl-images-amazon.com\/images\/I\/41mz4lR75VL._SS250_.jpg 250w, https:\/\/images-na.ssl-images-amazon.com\/images\/I\/41mz4lR75VL._SS450_.jpg 450w, https:\/\/images-na.ssl-images-amazon.com\/images\/I\/41mz4lR75VL._SS220_.jpg 220w\" sizes=\"auto, (max-width: 500px) 100vw, 500px\" \/><\/a>\r\n<\/dt>\r\n<dd class='wp-caption-text gallery-caption'>\r\n<div class='gallery-caption-inner'> <div class='wp-caption-text gallery-title'>\r\n\tKinzo-Garden-Gewaechshaus-kleines-Gewaechshaus-mit-2-Etagen-50-x-45-x-80-cm-Transparent-mit-gruenen-Akzenten\r\n\t<\/div><div class='wp-caption-text gallery-zoom no-text'>\r\n\t <a href=https:\/\/www.gartenvip.de\/?attachment_id=12965 title='Click to view Full Image' class='icon mustang-gallery'><i class='fa fa-plus'><\/i><\/a>\r\n\t<\/div><div class='wp-caption-text gallery-redirect'>\r\n\t <a href=https:\/\/www.gartenvip.de\/?attachment_id=12965 title='Click to view read more' class='icon readmore'><i class='fa fa-link'><\/i><\/a>\r\n\t<\/div><\/div><\/dd><\/dl>\r\n<\/div>\n<br \/>\nPRODUKT: Kostbare und empfindliche Pflanzen werden in diesem Gew\u00e4chshaus vor rauem Wetter gesch\u00fctzt.<br \/>\nGR\u00d6SSE: Dieses Gew\u00e4chshaus misst 50 x 45 x 80 cm und hat zwei Ebenen. Diese kleinere Gr\u00f6\u00dfe ist perfekt f\u00fcr eine Terrasse oder ein Deck, um kleinere Pflanzen und Blumen zu pflegen.<br \/>\nMATERIAL: Rahmenkonstruktion mit Kunststoff-Plane.<br \/>\nSTYLE: Das Haus ist transparent mit dunkelgr\u00fcnen Akzenten und passt damit perfekt in jeden Garten.<br \/>\nEINFACHER ZUGANG: Der Eingang hat einen Rei\u00dfverschluss und kann auch hochgerollt werden.<br \/>\n<div class=\"main-cross-sell\" data-asin=\"B08YWTKV6Y\">\n\n\t<div class=\"WooZone-cross-sell-loader\">\n\t\t<div>\n\t\t\t<div id=\"floatingBarsG\">\n\t\t\t\t<div class=\"blockG\" id=\"rotateG_01\"><\/div>\n\t\t\t\t<div class=\"blockG\" id=\"rotateG_02\"><\/div>\n\t\t\t\t<div class=\"blockG\" id=\"rotateG_03\"><\/div>\n\t\t\t\t<div class=\"blockG\" id=\"rotateG_04\"><\/div>\n\t\t\t\t<div class=\"blockG\" id=\"rotateG_05\"><\/div>\n\t\t\t\t<div class=\"blockG\" id=\"rotateG_06\"><\/div>\n\t\t\t\t<div class=\"blockG\" id=\"rotateG_07\"><\/div>\n\t\t\t\t<div class=\"blockG\" id=\"rotateG_08\"><\/div>\n\t\t\t<\/div>\n\t\t\t<div class=\"WooZone-cross-sell-loader-text\"><\/div>\n\t\t<\/div>\n\t<\/div>\n\n\t\t\n<\/div>\n<div style=\"clear:both;\"><\/div>\n","protected":false},"excerpt":{"rendered":"<p>PRODUKT: Kostbare und empfindliche Pflanzen werden in diesem Gew\u00e4chshaus vor rauem Wetter gesch\u00fctzt.<br \/>\nGR\u00d6SSE: Dieses Gew\u00e4chshaus misst 50 x 45 x 80 cm und hat zwei Ebenen. Diese kleinere Gr\u00f6\u00dfe ist perfekt f\u00fcr eine Terrasse oder ein Deck, um kleinere Pflanzen und Blumen zu pflegen.<br \/>\nMATERIAL: Rahmenkonstruktion mit Kunststoff-Plane.<\/p>\n","protected":false},"featured_media":12963,"comment_status":"open","ping_status":"closed","template":"","meta":[],"product_brand":[],"product_cat":[248],"product_tag":[],"class_list":{"0":"post-12962","1":"product","2":"type-product","3":"status-publish","4":"has-post-thumbnail","6":"product_cat-gewaechshaus","7":"pa_amazon-bestseller-rang-nr-58403-in-garten-siehe-top-100-in-garten-nr-64-in-gartengewaechshaeuser","8":"pa_brand-besuchen-sie-den-kinzo-store","9":"pa_hersteller-kinzo","10":"pa_im-angebot-von-amazon-de-seit-11-dezember-2020","11":"pa_produktabmessungen-45-x-50-x-80-cm-2-kilogramm","14":"first","15":"instock","16":"shipping-taxable","17":"purchasable","18":"product-type-simple"},"_links":{"self":[{"href":"https:\/\/www.gartenvip.de\/index.php?rest_route=\/wp\/v2\/product\/12962","targetHints":{"allow":["GET"]}}],"collection":[{"href":"https:\/\/www.gartenvip.de\/index.php?rest_route=\/wp\/v2\/product"}],"about":[{"href":"https:\/\/www.gartenvip.de\/index.php?rest_route=\/wp\/v2\/types\/product"}],"replies":[{"embeddable":true,"href":"https:\/\/www.gartenvip.de\/index.php?rest_route=%2Fwp%2Fv2%2Fcomments&post=12962"}],"wp:featuredmedia":[{"embeddable":true,"href":"https:\/\/www.gartenvip.de\/index.php?rest_route=\/wp\/v2\/media\/12963"}],"wp:attachment":[{"href":"https:\/\/www.gartenvip.de\/index.php?rest_route=%2Fwp%2Fv2%2Fmedia&parent=12962"}],"wp:term":[{"taxonomy":"product_brand","embeddable":true,"href":"https:\/\/www.gartenvip.de\/index.php?rest_route=%2Fwp%2Fv2%2Fproduct_brand&post=12962"},{"taxonomy":"product_cat","embeddable":true,"href":"https:\/\/www.gartenvip.de\/index.php?rest_route=%2Fwp%2Fv2%2Fproduct_cat&post=12962"},{"taxonomy":"product_tag","embeddable":true,"href":"https:\/\/www.gartenvip.de\/index.php?rest_route=%2Fwp%2Fv2%2Fproduct_tag&post=12962"}],"curies":[{"name":"wp","href":"https:\/\/api.w.org\/{rel}","templated":true}]}}