{"id":9977,"date":"2021-06-20T10:54:31","date_gmt":"2021-06-20T10:54:31","guid":{"rendered":"https:\/\/www.gartenvip.de\/?product=prosperplast-komposter-800-l"},"modified":"2024-01-03T16:56:09","modified_gmt":"2024-01-03T15:56:09","slug":"prosperplast-komposter-800-l","status":"publish","type":"product","link":"https:\/\/www.gartenvip.de\/?product=prosperplast-komposter-800-l","title":{"rendered":"Prosperplast Komposter 800 l"},"content":{"rendered":"<div id='gallery-1' class='gallery galleryid-9977 gallery-columns-3 gallery-size-full'><dl class='gallery-item'>\r\n<dt class='gallery-icon landscape'>\r\n<a rel='gallery-nr'><img loading=\"lazy\" decoding=\"async\" width=\"500\" height=\"500\" src=\"https:\/\/images-na.ssl-images-amazon.com\/images\/I\/41bsHCJM2wL.jpg\" class=\"attachment-full size-full\" alt=\"\" srcset=\"https:\/\/images-na.ssl-images-amazon.com\/images\/I\/41bsHCJM2wL.jpg 500w, https:\/\/images-na.ssl-images-amazon.com\/images\/I\/41bsHCJM2wL._SS150_.jpg 150w, https:\/\/images-na.ssl-images-amazon.com\/images\/I\/41bsHCJM2wL._SS300_.jpg 300w, https:\/\/images-na.ssl-images-amazon.com\/images\/I\/41bsHCJM2wL._SS768_.jpg 768w, https:\/\/images-na.ssl-images-amazon.com\/images\/I\/41bsHCJM2wL._SS1024_.jpg 1024w, https:\/\/images-na.ssl-images-amazon.com\/images\/I\/41bsHCJM2wL._SS1536_.jpg 1536w, https:\/\/images-na.ssl-images-amazon.com\/images\/I\/41bsHCJM2wL._SS2048_.jpg 2048w, https:\/\/images-na.ssl-images-amazon.com\/images\/I\/41bsHCJM2wL._SS145_.jpg 145w, https:\/\/images-na.ssl-images-amazon.com\/images\/I\/41bsHCJM2wL._SS1200_.jpg 1200w, https:\/\/images-na.ssl-images-amazon.com\/images\/I\/41bsHCJM2wL._SS50_.jpg 50w, https:\/\/images-na.ssl-images-amazon.com\/images\/I\/41bsHCJM2wL._SS604_.jpg 604w, https:\/\/images-na.ssl-images-amazon.com\/images\/I\/41bsHCJM2wL._SS281_.jpg 281w, https:\/\/images-na.ssl-images-amazon.com\/images\/I\/41bsHCJM2wL._SS799_.jpg 799w, https:\/\/images-na.ssl-images-amazon.com\/images\/I\/41bsHCJM2wL._SS250_.jpg 250w, https:\/\/images-na.ssl-images-amazon.com\/images\/I\/41bsHCJM2wL._SS450_.jpg 450w, https:\/\/images-na.ssl-images-amazon.com\/images\/I\/41bsHCJM2wL._SS220_.jpg 220w\" sizes=\"auto, (max-width: 500px) 100vw, 500px\" \/><\/a>\r\n<\/dt>\r\n<dd class='wp-caption-text gallery-caption'>\r\n<div class='gallery-caption-inner'> <div class='wp-caption-text gallery-title'>\r\n\tProsperplast-Komposter-800-l\r\n\t<\/div><div class='wp-caption-text gallery-zoom no-text'>\r\n\t <a href=https:\/\/www.gartenvip.de\/?attachment_id=9978 title='Click to view Full Image' class='icon mustang-gallery'><i class='fa fa-plus'><\/i><\/a>\r\n\t<\/div><div class='wp-caption-text gallery-redirect'>\r\n\t <a href=https:\/\/www.gartenvip.de\/?attachment_id=9978 title='Click to view read more' class='icon readmore'><i class='fa fa-link'><\/i><\/a>\r\n\t<\/div><\/div><\/dd><\/dl>\r\n<\/div>\n<br \/>\n<!-- show up to 2 reviews by default --> <\/p>\n<p>Ihr neuer Schnellkomposter 800 Liter &#8211; eine tolle Idee. Produzieren Sie Ihre eigene, humusreiche Erde und lassen Sie Ihrem gr\u00fcnen Daumen freien Lauf. Durch die spezielle Bauweise und der dunklen Farbe entsteht im Innern eine h\u00f6here Temperatur als bei anderen, herk\u00f6mmlichen Kompostern. Die W\u00e4rme wiederum beg\u00fcnstigt eine schnellere bakterielle Zersetzung und Sie haben so bessere Ergebnisse. <br \/> Einfach auf ein passendes Fleckchen Boden stellen &#8211; f\u00fcllen &#8211; fertig.<\/p>\n<p>Details: <br \/> Witterungsbest\u00e4ndig<br \/> Leicht aufzustellen (wird zerlegt geliefert)<br \/> Hohe W\u00e4rmeentwicklung im Innern, dadurch besserer Humus<br \/> F\u00fcr Garten- und K\u00fcchenabf\u00e4lle<br \/> Leichtes Bef\u00fcllen von oben<br \/> 2 Klappen zur Humus Entnahme unten<br \/> Deckel klappbar<br \/> Material: Kunststoff<br \/> Fassungsverm\u00f6gen: 800 Liter<br \/> Farbe: Schwarz<br \/> Ma\u00dfe LxBxH: ca. 134,5 x 90 x 91 cm<\/p>\n<\/p>\n<p>\u25ba Fassungsverm\u00f6gen: 800 Liter<br \/>\n\u25ba Hohe W\u00e4rmeentwicklung im Innern, dadurch besserer Humus<br \/>\n\u25ba Wetterbest\u00e4ndig bis: -45 \u00b0C | +55\u00b0C<br \/>\n\u25ba Leichtes Bef\u00fcllen von oben<br \/>\n\u25ba 2 Klappen zur Humus Entnahme unten<br \/>\n<div class=\"main-cross-sell\" data-asin=\"B00BKLMH68\">\n\n\t<div class=\"WooZone-cross-sell-loader\">\n\t\t<div>\n\t\t\t<div id=\"floatingBarsG\">\n\t\t\t\t<div class=\"blockG\" id=\"rotateG_01\"><\/div>\n\t\t\t\t<div class=\"blockG\" id=\"rotateG_02\"><\/div>\n\t\t\t\t<div class=\"blockG\" id=\"rotateG_03\"><\/div>\n\t\t\t\t<div class=\"blockG\" id=\"rotateG_04\"><\/div>\n\t\t\t\t<div class=\"blockG\" id=\"rotateG_05\"><\/div>\n\t\t\t\t<div class=\"blockG\" id=\"rotateG_06\"><\/div>\n\t\t\t\t<div class=\"blockG\" id=\"rotateG_07\"><\/div>\n\t\t\t\t<div class=\"blockG\" id=\"rotateG_08\"><\/div>\n\t\t\t<\/div>\n\t\t\t<div class=\"WooZone-cross-sell-loader-text\"><\/div>\n\t\t<\/div>\n\t<\/div>\n\n\t\t\n<\/div>\n<div style=\"clear:both;\"><\/div>\n","protected":false},"excerpt":{"rendered":"<p>\u25ba Fassungsverm\u00f6gen: 800 Liter<br \/>\n\u25ba Hohe W\u00e4rmeentwicklung im Innern, dadurch besserer Humus<br \/>\n\u25ba Wetterbest\u00e4ndig bis: -45 \u00b0C | +55\u00b0C<\/p>\n","protected":false},"featured_media":9978,"comment_status":"open","ping_status":"closed","template":"","meta":[],"product_brand":[],"product_cat":[42],"product_tag":[],"class_list":{"0":"post-9977","1":"product","2":"type-product","3":"status-publish","4":"has-post-thumbnail","6":"product_cat-kompost","7":"pa_amazon-bestseller-rang-nr-19895-in-garten-siehe-top-100-in-garten-nr-22-in-komposte","8":"pa_auslaufartikel-produktion-dur-nein","9":"pa_brand-marke-prosperplast","10":"pa_durchschnittliche-kundenbewer-38-von-5-sternen-439-sternebewertungen-38-von-5-sternen","11":"pa_fuellmenge-800-liter","12":"pa_hersteller-prosperplast","13":"pa_im-angebot-von-amazon-de-seit-24-februar-2013","14":"pa_produktabmessungen-0-01-x-0-01-x-0-01-cm-10-gramm","15":"pa_schirmmaterial-kunststoff","16":"pa_teilenummer-ikst800","19":"first","20":"instock","21":"shipping-taxable","22":"purchasable","23":"product-type-simple"},"_links":{"self":[{"href":"https:\/\/www.gartenvip.de\/index.php?rest_route=\/wp\/v2\/product\/9977","targetHints":{"allow":["GET"]}}],"collection":[{"href":"https:\/\/www.gartenvip.de\/index.php?rest_route=\/wp\/v2\/product"}],"about":[{"href":"https:\/\/www.gartenvip.de\/index.php?rest_route=\/wp\/v2\/types\/product"}],"replies":[{"embeddable":true,"href":"https:\/\/www.gartenvip.de\/index.php?rest_route=%2Fwp%2Fv2%2Fcomments&post=9977"}],"wp:featuredmedia":[{"embeddable":true,"href":"https:\/\/www.gartenvip.de\/index.php?rest_route=\/wp\/v2\/media\/9978"}],"wp:attachment":[{"href":"https:\/\/www.gartenvip.de\/index.php?rest_route=%2Fwp%2Fv2%2Fmedia&parent=9977"}],"wp:term":[{"taxonomy":"product_brand","embeddable":true,"href":"https:\/\/www.gartenvip.de\/index.php?rest_route=%2Fwp%2Fv2%2Fproduct_brand&post=9977"},{"taxonomy":"product_cat","embeddable":true,"href":"https:\/\/www.gartenvip.de\/index.php?rest_route=%2Fwp%2Fv2%2Fproduct_cat&post=9977"},{"taxonomy":"product_tag","embeddable":true,"href":"https:\/\/www.gartenvip.de\/index.php?rest_route=%2Fwp%2Fv2%2Fproduct_tag&post=9977"}],"curies":[{"name":"wp","href":"https:\/\/api.w.org\/{rel}","templated":true}]}}